{"id":57,"date":"2024-08-14T14:11:43","date_gmt":"2024-08-14T13:11:43","guid":{"rendered":"https:\/\/imagingpeace.org\/?page_id=57"},"modified":"2025-01-23T05:48:57","modified_gmt":"2025-01-23T05:48:57","slug":"mir","status":"publish","type":"page","link":"https:\/\/imagingpeace.org\/index.php\/mir\/","title":{"rendered":"MIR"},"content":{"rendered":"<p>[et_pb_section fb_built=&#8221;1&#8243; _builder_version=&#8221;4.27.0&#8243; _module_preset=&#8221;default&#8221; locked=&#8221;off&#8221; global_colors_info=&#8221;{}&#8221;][et_pb_row _builder_version=&#8221;4.27.4&#8243; _module_preset=&#8221;default&#8221; custom_padding=&#8221;18px||0px|||&#8221; locked=&#8221;off&#8221; global_colors_info=&#8221;{}&#8221;][et_pb_column type=&#8221;4_4&#8243; _builder_version=&#8221;4.27.4&#8243; _module_preset=&#8221;default&#8221; global_colors_info=&#8221;{}&#8221;][et_pb_text _builder_version=&#8221;4.27.4&#8243; _module_preset=&#8221;default&#8221; global_colors_info=&#8221;{}&#8221;]<\/p>\n<p><a href=\"https:\/\/imagingpeace.org\/index.php\/peace-photography-projects\/\">PROJECTS<\/a> | <a href=\"https:\/\/imagingpeace.org\/index.php\/mir\/\">ENGLISH<\/a>\u00a0 |\u00a0 <a href=\"https:\/\/imagingpeace.org\/index.php\/mir-es\/\" title=\"Esp\">ESPA\u00d1OL<\/a>\u00a0 |\u00a0 <a href=\"https:\/\/imagingpeace.org\/index.php\/mir-fr\/\">FRAN\u00c7AIS<\/a><\/p>\n<p>[\/et_pb_text][\/et_pb_column][\/et_pb_row][et_pb_row _builder_version=&#8221;4.27.0&#8243; _module_preset=&#8221;default&#8221; global_colors_info=&#8221;{}&#8221;][et_pb_column type=&#8221;4_4&#8243; _builder_version=&#8221;4.27.0&#8243; _module_preset=&#8221;default&#8221; global_colors_info=&#8221;{}&#8221;][et_pb_text admin_label=&#8221;Title&#8221; _builder_version=&#8221;4.27.0&#8243; _module_preset=&#8221;default&#8221; header_font_size=&#8221;54px&#8221; custom_margin=&#8221;||8px||false|false&#8221; global_colors_info=&#8221;{}&#8221;]<\/p>\n<h1 style=\"text-align: left;\"><strong>MIR<\/strong><\/h1>\n<p>[\/et_pb_text][et_pb_text admin_label=&#8221;Title&#8221; _builder_version=&#8221;4.27.4&#8243; _module_preset=&#8221;default&#8221; header_3_font_size=&#8221;24px&#8221; header_3_line_height=&#8221;0.8em&#8221; global_colors_info=&#8221;{}&#8221;]<\/p>\n<h3>Country:<strong> Bosnia and Herzegovina\u00a0<\/strong><\/h3>\n<h3>Participants:<strong> Balkans Diskurs youth correspondents<\/strong><\/h3>\n<h3><a href=\"https:\/\/p-crc.org\/\" target=\"_blank\" rel=\"noopener\">Website<\/a><\/h3>\n<p>[\/et_pb_text][\/et_pb_column][\/et_pb_row][et_pb_row _builder_version=&#8221;4.27.0&#8243; _module_preset=&#8221;default&#8221; width=&#8221;100%&#8221; max_width=&#8221;1700px&#8221; custom_padding=&#8221;2px||1px|||&#8221; global_colors_info=&#8221;{}&#8221;][et_pb_column type=&#8221;4_4&#8243; _builder_version=&#8221;4.27.0&#8243; _module_preset=&#8221;default&#8221; global_colors_info=&#8221;{}&#8221;][et_pb_slider _builder_version=&#8221;4.27.0&#8243; _module_preset=&#8221;default&#8221; custom_margin=&#8221;||18px|||&#8221; custom_padding=&#8221;||579px|||&#8221; global_colors_info=&#8221;{}&#8221;][et_pb_slide _builder_version=&#8221;4.27.0&#8243; _module_preset=&#8221;default&#8221; background_color=&#8221;#969696&#8243; background_enable_color=&#8221;on&#8221; background_image=&#8221;https:\/\/imagingpeace.org\/wp-content\/uploads\/2024\/08\/Horse_Man.jpg&#8221; background_enable_image=&#8221;on&#8221; width=&#8221;100%&#8221; width_tablet=&#8221;100%&#8221; width_phone=&#8221;0%&#8221; width_last_edited=&#8221;on|phone&#8221; max_width_tablet=&#8221;&#8221; max_width_phone=&#8221;100%&#8221; max_width_last_edited=&#8221;on|phone&#8221; global_colors_info=&#8221;{}&#8221; sticky_transition=&#8221;on&#8221;][\/et_pb_slide][\/et_pb_slider][\/et_pb_column][\/et_pb_row][et_pb_row _builder_version=&#8221;4.27.0&#8243; _module_preset=&#8221;default&#8221; custom_padding=&#8221;1px|||||&#8221; global_colors_info=&#8221;{}&#8221;][et_pb_column type=&#8221;4_4&#8243; _builder_version=&#8221;4.27.0&#8243; _module_preset=&#8221;default&#8221; global_colors_info=&#8221;{}&#8221;][et_pb_text _builder_version=&#8221;4.27.0&#8243; _module_preset=&#8221;default&#8221; text_font=&#8221;Actor|&#8211;et_global_body_font_weight|||||||&#8221; text_line_height=&#8221;1.8em&#8221; header_5_font=&#8221;Antic Slab|&#8211;et_global_heading_font_weight|||||||&#8221; header_5_font_size=&#8221;15px&#8221; custom_margin=&#8221;2px||||false|false&#8221; custom_padding=&#8221;|0px||58px||&#8221; global_colors_info=&#8221;{}&#8221;]<\/p>\n<h5 class=\"p1\" style=\"text-align: right;\">Irvin Muj\u010di\u0107, 37, returned to Srebrenica in 2014 having been forcibly exiled aged 6 during the war. His father who stayed in Srebrenica was killed during the genocide. He founded the Association of Friends of Nature in Srebrenica and started organising tours in the villages and developing rural tourism. He is dedicated to restoring Srebrenica\u2019s local community through celebrating its untouched nature. He has now built his own ethno-village using traditional building methods, a touristic settlement resembling traditional Bosnian villages that also offers riding and walking tours.<\/h5>\n<h5 style=\"text-align: right;\"><strong> \u00a9 Ahmedin Dozi\u0107 and Story by Edina \u0160e\u010di\u0107 \/ PCRC<\/strong><\/h5>\n<p>[\/et_pb_text][\/et_pb_column][\/et_pb_row][et_pb_row column_structure=&#8221;1_2,1_2&#8243; _builder_version=&#8221;4.27.0&#8243; _module_preset=&#8221;default&#8221; custom_padding=&#8221;24px||6px|||&#8221; global_colors_info=&#8221;{}&#8221;][et_pb_column type=&#8221;1_2&#8243; _builder_version=&#8221;4.27.0&#8243; _module_preset=&#8221;default&#8221; global_colors_info=&#8221;{}&#8221;][et_pb_text _builder_version=&#8221;4.27.4&#8243; _module_preset=&#8221;default&#8221; text_font=&#8221;&#8211;et_global_body_font|300|||||||&#8221; text_font_size=&#8221;22px&#8221; text_line_height=&#8221;1.2em&#8221; width=&#8221;100%&#8221; custom_padding=&#8221;35px|0px||||&#8221; global_colors_info=&#8221;{}&#8221;]<\/p>\n<p><em>MIR <\/em>is an annual magazine published by the <a href=\"https:\/\/p-crc.org\/\" target=\"_blank\" rel=\"noopener\"><strong><em>Post-Conflict Research Centre (PCRC)<\/em>,<\/strong><\/a> a Bosnian peacebuilding organisation. Packed with images and features, it contains 56 stories that showcase the beauty of Bosnia\u2019s landscape, the richness of its culture, and the creative entrepreneurship and energies of its people.<\/p>\n<p><em>PCRC<\/em> is a peacebuilding organisation that has been strategically harnessing creative visual and multi-media to foster a culture of peace and coexistence in Bosnia since its inception in 2011. Engaging in peace education, conflict prevention, human rights, and participatory media activities, the Bosnian-led organisation produces films, commissions photographic exhibitions and initiatives, hosts the online media platform Balkans Diskurs, and organises public art works and festivals. All its activities <strong><a href=\"https:\/\/journals.sagepub.com\/doi\/10.1177\/17506352231160360\" target=\"_blank\" rel=\"noopener\">forge narratives<\/a><\/strong> that create common ground and foster dialogue, diversity, and tolerance in a divided BiH.<\/p>\n<p>Over 25 years since the end of the war, and despite billions invested in transitional justice and international peacebuilding mechanisms, Bosnia\u2019s peace continues to be fragile. Ethnic divisions between the three constituent peoples have become entrenched, frozen into the tripartite presidency, government, and educational systems, with nationalist agendas fuelling separatist rhetoric and obstructing reconciliation efforts. Competing and conflicting views of history dominate public, political, and media discourses, and many young Bosnians grow up with selective and inherently divisive versions of the past in a country with one of the highest youth unemployment rates in the world.<\/p>\n<p><em>PRCR<\/em> uses creative multimedia to address polarising and negative media content and the lack of role models. It focuses its efforts on building youth capacity and countering youth apathy and disillusionment. <a href=\"https:\/\/p-crc.org\/our-work\/peace-education\/ordinary-heroes\/\" target=\"_blank\" rel=\"noopener\">Ordinary Heroes<\/a>, one of its flagship projects, tells the stories of people who go against the grain to protect and save people from different ethnic groups and different sides of the conflict to themselves during times of conflict. Each year, <em>PCRC<\/em> runs a youth media training and mentoring program, and its youth correspondents hunt out \u2018Ordinary Heroes\u2019 stories from within their own communities to celebrate examples of inter-ethnic cooperation and moral courage.<\/p>\n<p>Launched in 2022, <em>MIR<\/em> showcases photography and stories by <em><strong><a href=\"https:\/\/balkandiskurs.com\/en\/\" target=\"_blank\" rel=\"noopener\">Balkans Diskurs <\/a><\/strong><\/em>youth correspondents and emerging Bosnian storytellers and changemakers. Disseminated throughout the country, the features range from stories about successful young creative innovators and business owners to travel, inter-ethnic music projects, and cultural heritage features. Highlighting positive stories of young Bosnians forging new futures and examples of successful inter-ethnic collaboration, the publication normalises inter-ethnic coexistence and presents diversity as a sign of prosperity to be cherished rather than a point of contestation. Projecting an image of Bosnia as proud, dynamic, and resilient, the plural stories in MIR show how peaceful coexistence is not only possible but that they can provide the conditions to enable the country to sustain peace and to thrive.<\/p>\n<p>[\/et_pb_text][\/et_pb_column][et_pb_column type=&#8221;1_2&#8243; _builder_version=&#8221;4.27.0&#8243; _module_preset=&#8221;default&#8221; global_colors_info=&#8221;{}&#8221;][et_pb_image src=&#8221;https:\/\/imagingpeace.org\/wp-content\/uploads\/2024\/08\/ASBO-cover1.jpg&#8221; title_text=&#8221;ASBO-cover1&#8243; _builder_version=&#8221;4.27.0&#8243; _module_preset=&#8221;default&#8221; custom_margin=&#8221;||12px|||&#8221; global_colors_info=&#8221;{}&#8221;][\/et_pb_image][et_pb_text _builder_version=&#8221;4.27.0&#8243; _module_preset=&#8221;default&#8221; text_font=&#8221;Actor|&#8211;et_global_body_font_weight|||||||&#8221; text_line_height=&#8221;1.8em&#8221; header_5_font=&#8221;Antic Slab|&#8211;et_global_heading_font_weight|||||||&#8221; header_5_font_size=&#8221;15px&#8221; custom_margin=&#8221;2px||||false|false&#8221; custom_padding=&#8221;|0px||58px||&#8221; global_colors_info=&#8221;{}&#8221;]<\/p>\n<h5 class=\"p1\" style=\"text-align: right;\"><strong>ASBO front cover \/ PCRC<\/strong><\/h5>\n<p>[\/et_pb_text][et_pb_image src=&#8221;https:\/\/imagingpeace.org\/wp-content\/uploads\/2024\/08\/Mir3-copy-724&#215;1024.jpg&#8221; title_text=&#8221;Mir3 copy&#8221; _builder_version=&#8221;4.27.0&#8243; _module_preset=&#8221;default&#8221; custom_margin=&#8221;||17px|||&#8221; global_colors_info=&#8221;{}&#8221;][\/et_pb_image][et_pb_text _builder_version=&#8221;4.27.0&#8243; _module_preset=&#8221;default&#8221; text_font=&#8221;Actor|&#8211;et_global_body_font_weight|||||||&#8221; text_line_height=&#8221;1.8em&#8221; header_5_font=&#8221;Antic Slab|&#8211;et_global_heading_font_weight|||||||&#8221; header_5_font_size=&#8221;15px&#8221; custom_margin=&#8221;2px||||false|false&#8221; custom_padding=&#8221;|0px||58px||&#8221; global_colors_info=&#8221;{}&#8221;]<\/p>\n<h5 style=\"text-align: right;\"><strong>MIR front cover \/ PCRC<\/strong><\/h5>\n<p>[\/et_pb_text][\/et_pb_column][\/et_pb_row][et_pb_row column_structure=&#8221;1_2,1_2&#8243; _builder_version=&#8221;4.27.0&#8243; _module_preset=&#8221;default&#8221; custom_padding=&#8221;59px|||||&#8221; global_colors_info=&#8221;{}&#8221;][et_pb_column type=&#8221;1_2&#8243; _builder_version=&#8221;4.27.0&#8243; _module_preset=&#8221;default&#8221; global_colors_info=&#8221;{}&#8221;][et_pb_image src=&#8221;https:\/\/imagingpeace.org\/wp-content\/uploads\/2024\/08\/Ordinary-Hero-1.png&#8221; title_text=&#8221;Ordinary Hero 1&#8243; url=&#8221;https:\/\/balkandiskurs.com\/en\/2022\/12\/16\/a-retired-police-officer-from-zenica-mends-broken-relationships\/&#8221; url_new_window=&#8221;on&#8221; _builder_version=&#8221;4.27.0&#8243; _module_preset=&#8221;default&#8221; global_colors_info=&#8221;{}&#8221;][\/et_pb_image][et_pb_text _builder_version=&#8221;4.27.0&#8243; _module_preset=&#8221;default&#8221; text_font=&#8221;Actor|&#8211;et_global_body_font_weight|||||||&#8221; text_line_height=&#8221;1.8em&#8221; header_5_font=&#8221;Antic Slab|&#8211;et_global_heading_font_weight|||||||&#8221; header_5_font_size=&#8221;15px&#8221; header_5_letter_spacing=&#8221;0.7px&#8221; custom_margin=&#8221;2px||||false|false&#8221; custom_padding=&#8221;|1px||||&#8221; global_colors_info=&#8221;{}&#8221;]<\/p>\n<h5 class=\"p1\" style=\"text-align: left;\">Hanas Kova\u010devi\u0107 is a retired police officer from Zenica who has been using his law enforcement experience and social connections to reconnect friends, acquaintances, and families who have fallen out of contact as a result of the war in Bosnia and Herzegovina (BiH) or other complications in peacetime. He has connected thousands of people, or, as he says, he has \u201csolved cases.\u201d This work has made him well-known even beyond the borders of BiH.<\/h5>\n<h5 class=\"p1\" style=\"text-align: left;\"><strong>\u00a9 Selma Ma\u0161i\u0107 \/ PCRC<\/strong><\/h5>\n<p>[\/et_pb_text][\/et_pb_column][et_pb_column type=&#8221;1_2&#8243; _builder_version=&#8221;4.27.0&#8243; _module_preset=&#8221;default&#8221; global_colors_info=&#8221;{}&#8221;][et_pb_image src=&#8221;https:\/\/imagingpeace.org\/wp-content\/uploads\/2024\/08\/ordinary-Hero-2.jpg&#8221; title_text=&#8221;ordinary Hero 2&#8243; url=&#8221;https:\/\/balkandiskurs.com\/en\/2019\/01\/16\/my-disability-is-not-a-problem\/&#8221; url_new_window=&#8221;on&#8221; _builder_version=&#8221;4.27.0&#8243; _module_preset=&#8221;default&#8221; global_colors_info=&#8221;{}&#8221;][\/et_pb_image][et_pb_text _builder_version=&#8221;4.27.0&#8243; _module_preset=&#8221;default&#8221; text_font=&#8221;Actor|&#8211;et_global_body_font_weight|||||||&#8221; text_line_height=&#8221;1.8em&#8221; header_5_font=&#8221;Antic Slab|&#8211;et_global_heading_font_weight|||||||&#8221; header_5_font_size=&#8221;15px&#8221; custom_margin=&#8221;2px||||false|false&#8221; custom_padding=&#8221;|1px||||&#8221; global_colors_info=&#8221;{}&#8221;]<\/p>\n<h5 class=\"p1\" style=\"text-align: left;\">Merima Dervovi\u0107 from Visoko is a student of the Faculty of Philosophy, Department of Italian Language and Literature. Her primary goal is to initiate an open dialogue about the prejudices against disabled people and the challenges they face in society.<br \/><strong>\u00a9 Medina Rizanovi\u0107-Razi\u0107 \/ PCRC<\/strong><\/h5>\n<p>[\/et_pb_text][\/et_pb_column][\/et_pb_row][et_pb_row column_structure=&#8221;1_5,3_5,1_5&#8243; _builder_version=&#8221;4.27.0&#8243; _module_preset=&#8221;default&#8221; background_color=&#8221;#EBEFE6&#8243; custom_margin=&#8221;46px|auto|61px|auto||&#8221; custom_padding=&#8221;91px|||||&#8221; global_colors_info=&#8221;{}&#8221;][et_pb_column type=&#8221;1_5&#8243; _builder_version=&#8221;4.27.0&#8243; _module_preset=&#8221;default&#8221; global_colors_info=&#8221;{}&#8221;][\/et_pb_column][et_pb_column type=&#8221;3_5&#8243; _builder_version=&#8221;4.27.0&#8243; _module_preset=&#8221;default&#8221; global_colors_info=&#8221;{}&#8221;][et_pb_testimonial author=&#8221;Velma Sar\u00edc&#8221; company_name=&#8221;PCRC Founder and President and MIR Editor in Chief&#8221; font_icon=&#8221;&#xf10e;||fa||900&#8243; use_icon_font_size=&#8221;on&#8221; _builder_version=&#8221;4.27.0&#8243; _module_preset=&#8221;default&#8221; body_font_size=&#8221;31px&#8221; body_line_height=&#8221;1.2em&#8221; author_font_size=&#8221;24px&#8221; author_line_height=&#8221;1.2em&#8221; custom_padding=&#8221;|0px||4px||&#8221; border_width_all=&#8221;0px&#8221; global_colors_info=&#8221;{}&#8221;]<\/p>\n<p style=\"text-align: center;\">\u2018The stories say that if peace is possible on a small scale then it is possible on a grand scale\u2019<\/p>\n<p>[\/et_pb_testimonial][\/et_pb_column][et_pb_column type=&#8221;1_5&#8243; _builder_version=&#8221;4.27.0&#8243; _module_preset=&#8221;default&#8221; global_colors_info=&#8221;{}&#8221;][\/et_pb_column][\/et_pb_row][et_pb_row _builder_version=&#8221;4.27.0&#8243; _module_preset=&#8221;default&#8221; width=&#8221;94%&#8221; max_width=&#8221;1476px&#8221; custom_padding=&#8221;5px|||||&#8221; global_colors_info=&#8221;{}&#8221;][et_pb_column type=&#8221;4_4&#8243; _builder_version=&#8221;4.27.0&#8243; _module_preset=&#8221;default&#8221; global_colors_info=&#8221;{}&#8221;][et_pb_image src=&#8221;https:\/\/imagingpeace.org\/wp-content\/uploads\/2024\/08\/Kaftan-0081.jpg&#8221; title_text=&#8221;Kaftan-0081&#8243; align=&#8221;center&#8221; _builder_version=&#8221;4.27.0&#8243; _module_preset=&#8221;default&#8221; global_colors_info=&#8221;{}&#8221;][\/et_pb_image][\/et_pb_column][\/et_pb_row][et_pb_row _builder_version=&#8221;4.27.0&#8243; _module_preset=&#8221;default&#8221; custom_padding=&#8221;0px||5px|||&#8221; global_colors_info=&#8221;{}&#8221;][et_pb_column type=&#8221;4_4&#8243; _builder_version=&#8221;4.27.0&#8243; _module_preset=&#8221;default&#8221; global_colors_info=&#8221;{}&#8221;][et_pb_text _builder_version=&#8221;4.27.0&#8243; _module_preset=&#8221;default&#8221; text_font=&#8221;Actor|&#8211;et_global_body_font_weight|||||||&#8221; text_line_height=&#8221;1.8em&#8221; header_5_font=&#8221;Antic Slab|&#8211;et_global_heading_font_weight|||||||&#8221; header_5_font_size=&#8221;15px&#8221; custom_margin=&#8221;2px||||false|false&#8221; custom_padding=&#8221;|26px||58px||&#8221; global_colors_info=&#8221;{}&#8221;]<\/p>\n<h5 style=\"text-align: right;\">Sisters Nermina Hod\u017ei\u0107 and Emina Hod\u017ei\u0107 Adilovi\u0107 formed the designer label Kaftan Studio, whose quality pieces are known for their recognisably expressive designs. They have achieved international success, worn on red carpets at the Oscars and been featured in major fashion magazines. Their latest collection was inspired by unique and brave women. Kaftan Studio embodies freedom of choice, tolerance, respect for diversity, mutual understanding, love, and acceptance through their creative work. For the sisters, their work is something of a manifesto for freedom.<br \/><strong>\u00a9 <span>Jasmin Agovi\u0107<\/span> and story by An\u0111ela Kne\u017eevi\u0107<\/strong><\/h5>\n<p>[\/et_pb_text][\/et_pb_column][\/et_pb_row][et_pb_row _builder_version=&#8221;4.27.4&#8243; _module_preset=&#8221;default&#8221; global_colors_info=&#8221;{}&#8221;][et_pb_column type=&#8221;4_4&#8243; _builder_version=&#8221;4.27.4&#8243; _module_preset=&#8221;default&#8221; global_colors_info=&#8221;{}&#8221;][et_pb_menu menu_id=&#8221;10&#8243; menu_style=&#8221;centered&#8221; active_link_color=&#8221;#E09900&#8243; _builder_version=&#8221;4.27.0&#8243; _module_preset=&#8221;default&#8221; menu_font=&#8221;|||on|||||&#8221; menu_text_color=&#8221;#000000&#8243; global_colors_info=&#8221;{}&#8221; menu_font_size__hover_enabled=&#8221;off|desktop&#8221;][\/et_pb_menu][\/et_pb_column][\/et_pb_row][\/et_pb_section]<\/p>\n","protected":false},"excerpt":{"rendered":"<p>PROJECTS | ENGLISH\u00a0 |\u00a0 ESPA\u00d1OL\u00a0 |\u00a0 FRAN\u00c7AISMIRCountry: Bosnia and Herzegovina\u00a0 Participants: Balkans Diskurs youth correspondents WebsiteIrvin Muj\u010di\u0107, 37, returned to Srebrenica in 2014 having been forcibly exiled aged 6 during the war. His father who stayed in Srebrenica was killed during the genocide. He founded the Association of Friends of Nature in Srebrenica and started [&hellip;]<\/p>\n","protected":false},"author":1,"featured_media":0,"parent":0,"menu_order":0,"comment_status":"closed","ping_status":"closed","template":"","meta":{"_et_pb_use_builder":"on","_et_pb_old_content":"<!-- wp:divi\/placeholder \/-->","_et_gb_content_width":"","footnotes":""},"class_list":["post-57","page","type-page","status-publish","hentry"],"acf":[],"_links":{"self":[{"href":"https:\/\/imagingpeace.org\/index.php\/wp-json\/wp\/v2\/pages\/57","targetHints":{"allow":["GET"]}}],"collection":[{"href":"https:\/\/imagingpeace.org\/index.php\/wp-json\/wp\/v2\/pages"}],"about":[{"href":"https:\/\/imagingpeace.org\/index.php\/wp-json\/wp\/v2\/types\/page"}],"author":[{"embeddable":true,"href":"https:\/\/imagingpeace.org\/index.php\/wp-json\/wp\/v2\/users\/1"}],"replies":[{"embeddable":true,"href":"https:\/\/imagingpeace.org\/index.php\/wp-json\/wp\/v2\/comments?post=57"}],"version-history":[{"count":20,"href":"https:\/\/imagingpeace.org\/index.php\/wp-json\/wp\/v2\/pages\/57\/revisions"}],"predecessor-version":[{"id":2000,"href":"https:\/\/imagingpeace.org\/index.php\/wp-json\/wp\/v2\/pages\/57\/revisions\/2000"}],"wp:attachment":[{"href":"https:\/\/imagingpeace.org\/index.php\/wp-json\/wp\/v2\/media?parent=57"}],"curies":[{"name":"wp","href":"https:\/\/api.w.org\/{rel}","templated":true}]}}