{"id":1315,"date":"2024-12-17T12:16:12","date_gmt":"2024-12-17T12:16:12","guid":{"rendered":"https:\/\/imagingpeace.org\/?page_id=1315"},"modified":"2025-01-17T18:38:08","modified_gmt":"2025-01-17T18:38:08","slug":"papua-tells-stories-fr","status":"publish","type":"page","link":"https:\/\/imagingpeace.org\/index.php\/papua-tells-stories-fr\/","title":{"rendered":"Papua Tells Stories FR"},"content":{"rendered":"<p>[et_pb_section fb_built=&#8221;1&#8243; _builder_version=&#8221;4.27.0&#8243; _module_preset=&#8221;default&#8221; locked=&#8221;off&#8221; global_colors_info=&#8221;{}&#8221;][et_pb_row _builder_version=&#8221;4.27.0&#8243; _module_preset=&#8221;default&#8221; custom_margin=&#8221;|auto|-5px|auto||&#8221; global_colors_info=&#8221;{}&#8221;][et_pb_column type=&#8221;4_4&#8243; _builder_version=&#8221;4.27.0&#8243; _module_preset=&#8221;default&#8221; global_colors_info=&#8221;{}&#8221;][et_pb_text _builder_version=&#8221;4.27.4&#8243; _module_preset=&#8221;default&#8221; locked=&#8221;off&#8221; global_colors_info=&#8221;{}&#8221;]<\/p>\n<p><a href=\"https:\/\/imagingpeace.org\/index.php\/peace-photography-projects\/\">PROJECTS<\/a> | <a href=\"https:\/\/imagingpeace.org\/index.php\/papua-tells-stories\">ENGLISH\u00a0<\/a> |\u00a0 <a href=\"https:\/\/imagingpeace.org\/index.php\/papua-tells-stories-es\/\">ESPA\u00d1OL <\/a>|\u00a0 <a href=\"https:\/\/imagingpeace.org\/index.php\/papua-tells-stories-fr\/\">FRAN\u00c7AIS<\/a><\/p>\n<p>[\/et_pb_text][et_pb_text admin_label=&#8221;Title&#8221; _builder_version=&#8221;4.27.0&#8243; _module_preset=&#8221;default&#8221; header_font_size=&#8221;54px&#8221; custom_margin=&#8221;||8px||false|false&#8221; global_colors_info=&#8221;{}&#8221;]<\/p>\n<h1 style=\"text-align: left;\"><strong>Papua Tells Stories (FR)<\/strong><\/h1>\n<p>[\/et_pb_text][et_pb_text admin_label=&#8221;Title&#8221; _builder_version=&#8221;4.27.4&#8243; _module_preset=&#8221;default&#8221; header_3_font_size=&#8221;24px&#8221; header_3_line_height=&#8221;0.8em&#8221; hover_enabled=&#8221;0&#8243; global_colors_info=&#8221;{}&#8221; sticky_enabled=&#8221;0&#8243;]<\/p>\n<h3>Pays:<strong> <span>Indon\u00e9sie<\/span><\/strong><\/h3>\n<h3>Participants: <strong><\/strong><strong>Jeunes autochtones et non autochtones de Papouasie<\/strong><\/h3>\n<h3><a href=\"https:\/\/elsam.or.id\/storage\/files\/3\/FILE%20CETAK_PAPUA%20BERCERITA_compressed%20(1).pdf\" target=\"_blank\" rel=\"noopener\">Site internet<\/a><\/h3>\n<p>[\/et_pb_text][\/et_pb_column][\/et_pb_row][et_pb_row _builder_version=&#8221;4.27.0&#8243; _module_preset=&#8221;default&#8221; width=&#8221;100%&#8221; max_width=&#8221;1700px&#8221; custom_padding=&#8221;2px||1px|||&#8221; global_colors_info=&#8221;{}&#8221;][et_pb_column type=&#8221;4_4&#8243; _builder_version=&#8221;4.27.0&#8243; _module_preset=&#8221;default&#8221; global_colors_info=&#8221;{}&#8221;][et_pb_slider _builder_version=&#8221;4.27.0&#8243; _module_preset=&#8221;default&#8221; custom_margin=&#8221;||18px|||&#8221; custom_padding=&#8221;||757px|||&#8221; global_colors_info=&#8221;{}&#8221;][et_pb_slide _builder_version=&#8221;4.27.0&#8243; _module_preset=&#8221;default&#8221; background_color=&#8221;#969696&#8243; background_enable_color=&#8221;on&#8221; background_image=&#8221;https:\/\/imagingpeace.org\/wp-content\/uploads\/2024\/08\/7.-IMG_9204.jpg&#8221; background_enable_image=&#8221;on&#8221; background_position=&#8221;top_center&#8221; width=&#8221;100%&#8221; width_tablet=&#8221;100%&#8221; width_phone=&#8221;0%&#8221; width_last_edited=&#8221;on|phone&#8221; max_width_tablet=&#8221;&#8221; max_width_phone=&#8221;100%&#8221; max_width_last_edited=&#8221;on|phone&#8221; global_colors_info=&#8221;{}&#8221; sticky_transition=&#8221;on&#8221;][\/et_pb_slide][\/et_pb_slider][\/et_pb_column][\/et_pb_row][et_pb_row _builder_version=&#8221;4.27.0&#8243; _module_preset=&#8221;default&#8221; custom_margin=&#8221;-3px|auto||auto||&#8221; custom_padding=&#8221;1px||5px|||&#8221; global_colors_info=&#8221;{}&#8221;][et_pb_column type=&#8221;4_4&#8243; _builder_version=&#8221;4.27.0&#8243; _module_preset=&#8221;default&#8221; global_colors_info=&#8221;{}&#8221;][et_pb_text _builder_version=&#8221;4.27.0&#8243; _module_preset=&#8221;default&#8221; text_font=&#8221;Actor|&#8211;et_global_body_font_weight|||||||&#8221; text_line_height=&#8221;1.8em&#8221; header_5_font=&#8221;Antic Slab|&#8211;et_global_heading_font_weight|||||||&#8221; header_5_font_size=&#8221;15px&#8221; custom_margin=&#8221;2px||||false|false&#8221; custom_padding=&#8221;2px|0px||7px||&#8221; global_colors_info=&#8221;{}&#8221;]<\/p>\n<h5 style=\"text-align: right;\"><strong>Bapa Oktovianus Bay (66 ans) dans le village d\u2019Ombrob, l\u2019un des derniers locuteurs de la langue namblong.<\/strong><\/h5>\n<h5 style=\"text-align: right;\"><strong><\/strong><br \/>Pendant des g\u00e9n\u00e9rations, la tribu Namblong a utilis\u00e9 la langue namblong pour ses communications quotidiennes. Aujourd\u2019hui, elle est menac\u00e9e de disparition. Elle est rarement utilis\u00e9e en raison de divers facteurs, notamment le nouveau syst\u00e8me \u00e9ducatif qui impose aux \u00e9l\u00e8ves de parler indon\u00e9sien. Plusieurs personnes travaillent \u00e0 la pr\u00e9servation de cette langue en l\u2019enseignant aux jeunes g\u00e9n\u00e9rations. La pr\u00e9servation de la for\u00eat joue un r\u00f4le crucial pour maintenir cette langue vivante, car traditionnellement, le peuple Namblong vit en harmonie avec la nature. Chaque \u00e9l\u00e9ment de la for\u00eat a un nom dans la langue namblong, et la for\u00eat est le m\u00e9dium \u00e0 travers lequel la langue est enseign\u00e9e. Cependant, les activit\u00e9s ill\u00e9gales de d\u00e9forestation au nom du d\u00e9veloppement menacent encore davantage cette langue.<br \/><strong>\u00a9 Vebry Hembring \/ Papua Tells Stories, Papouasie<\/strong><strong>\u00a0occidentale<\/strong><\/h5>\n<p>[\/et_pb_text][\/et_pb_column][\/et_pb_row][et_pb_row _builder_version=&#8221;4.27.0&#8243; _module_preset=&#8221;default&#8221; custom_padding=&#8221;24px||6px|||&#8221; global_colors_info=&#8221;{}&#8221;][et_pb_column type=&#8221;4_4&#8243; _builder_version=&#8221;4.27.0&#8243; _module_preset=&#8221;default&#8221; global_colors_info=&#8221;{}&#8221;][et_pb_text _builder_version=&#8221;4.27.0&#8243; _module_preset=&#8221;default&#8221; text_font=&#8221;&#8211;et_global_body_font|300|||||||&#8221; text_font_size=&#8221;22px&#8221; text_line_height=&#8221;1.2em&#8221; width=&#8221;100%&#8221; custom_padding=&#8221;|0px||||&#8221; global_colors_info=&#8221;{}&#8221;]<\/p>\n<p>Le conflit actuel en Papouasie occidentale trouve ses racines dans l\u2019histoire politique de l\u2019int\u00e9gration de la Papouasie occidentale \u00e0 l\u2019Indon\u00e9sie, la marginalisation \u00e9conomique des Papous sur une terre riche en ressources, la destruction environnementale et les d\u00e9placements caus\u00e9s par l\u2019extraction des ressources, ainsi que les violations des droits humains commises par les forces de s\u00e9curit\u00e9 indon\u00e9siennes contre les Papous.<\/p>\n<p>Ces derni\u00e8res ann\u00e9es, cette guerre de gu\u00e9rilla s\u00e9paratiste \u00e0 faible intensit\u00e9 men\u00e9e par le Mouvement de la Papouasie Libre a vu une escalade des tensions et des conflits. En 2019, le mouvement a attir\u00e9 l\u2019attention apr\u00e8s des r\u00e9ponses violentes aux manifestations contre le racisme, perturbant la solidarit\u00e9 initiale construite entre les Papous et les non-Papous au d\u00e9but du mouvement &#8220;Papuan Lives Matter&#8221;. Cette intensification a \u00e9galement vu \u00e9merger des conflits intergroupes entre les immigr\u00e9s autochtones et non autochtones en Papouasie, soulignant la n\u00e9cessit\u00e9 d\u2019am\u00e9liorer le dialogue et les relations entre ces groupes.<\/p>\n<p>&nbsp;<\/p>\n<p>[\/et_pb_text][et_pb_image src=&#8221;https:\/\/imagingpeace.org\/wp-content\/uploads\/2024\/08\/1.-IMG_0200.jpg&#8221; title_text=&#8221;1.-IMG_0200&#8243; _builder_version=&#8221;4.27.0&#8243; _module_preset=&#8221;default&#8221; global_colors_info=&#8221;{}&#8221;][\/et_pb_image][\/et_pb_column][\/et_pb_row][et_pb_row _builder_version=&#8221;4.27.0&#8243; _module_preset=&#8221;default&#8221; custom_padding=&#8221;1px|||||&#8221; global_colors_info=&#8221;{}&#8221;][et_pb_column type=&#8221;4_4&#8243; _builder_version=&#8221;4.27.0&#8243; _module_preset=&#8221;default&#8221; global_colors_info=&#8221;{}&#8221;][et_pb_text _builder_version=&#8221;4.27.4&#8243; _module_preset=&#8221;default&#8221; text_font=&#8221;Actor|&#8211;et_global_body_font_weight|||||||&#8221; text_line_height=&#8221;1.8em&#8221; header_5_font=&#8221;Antic Slab|&#8211;et_global_heading_font_weight|||||||&#8221; header_5_font_size=&#8221;15px&#8221; custom_margin=&#8221;2px||||false|false&#8221; custom_padding=&#8221;|0px||0px||&#8221; hover_enabled=&#8221;0&#8243; global_colors_info=&#8221;{}&#8221; sticky_enabled=&#8221;0&#8243;]<\/p>\n<h5 class=\"p1\" style=\"text-align: right;\">For\u00eat d\u00e9bois\u00e9e sous pr\u00e9texte de construire une tour \u00e9lectrique, qui n\u2019a toujours pas \u00e9t\u00e9 \u00e9rig\u00e9e \u00e0 ce jour.<\/h5>\n<h5 class=\"p1\" style=\"text-align: right;\"><strong>\u00a9 Vebry Hembring \/ Papua Tells Stories, <\/strong><strong>\u00a0Papouasie occidentale<\/strong><\/h5>\n<p>[\/et_pb_text][\/et_pb_column][\/et_pb_row][et_pb_row column_structure=&#8221;2_5,3_5&#8243; _builder_version=&#8221;4.27.0&#8243; _module_preset=&#8221;default&#8221; global_colors_info=&#8221;{}&#8221;][et_pb_column type=&#8221;2_5&#8243; _builder_version=&#8221;4.27.0&#8243; _module_preset=&#8221;default&#8221; global_colors_info=&#8221;{}&#8221;][et_pb_image src=&#8221;https:\/\/imagingpeace.org\/wp-content\/uploads\/2024\/08\/Rural_Children.jpg&#8221; title_text=&#8221;Rural_Children&#8221; _builder_version=&#8221;4.27.0&#8243; _module_preset=&#8221;default&#8221; global_colors_info=&#8221;{}&#8221;][\/et_pb_image][et_pb_text _builder_version=&#8221;4.27.0&#8243; _module_preset=&#8221;default&#8221; text_font=&#8221;Actor|&#8211;et_global_body_font_weight|||||||&#8221; text_line_height=&#8221;1.8em&#8221; header_5_font=&#8221;Antic Slab|&#8211;et_global_heading_font_weight|||||||&#8221; header_5_font_size=&#8221;15px&#8221; custom_margin=&#8221;2px||||false|false&#8221; custom_padding=&#8221;|0px||0px||&#8221; global_colors_info=&#8221;{}&#8221;]<\/p>\n<h5 style=\"text-align: left;\">Anton Tuu et trois amis dans le coin lecture de la maison paroissiale de Saint-Boniface \u00e0 Ubrub. En plus de lire des livres, ils apprennent \u00e0 \u00e9crire des lettres et des phrases \u00e0 travers YouTube.<\/h5>\n<h5 style=\"text-align: left;\"><strong>\u00a9 Gody Usnaat, <\/strong><strong>issu de son histoire sur les vies et les d\u00e9fis des enfants ruraux \/ Papua Tells Stories, Papouasie occidentale<\/strong><\/h5>\n<p>[\/et_pb_text][\/et_pb_column][et_pb_column type=&#8221;3_5&#8243; _builder_version=&#8221;4.27.0&#8243; _module_preset=&#8221;default&#8221; global_colors_info=&#8221;{}&#8221;][et_pb_text _builder_version=&#8221;4.27.0&#8243; _module_preset=&#8221;default&#8221; text_font=&#8221;&#8211;et_global_body_font|300|||||||&#8221; text_font_size=&#8221;22px&#8221; text_line_height=&#8221;1.2em&#8221; global_colors_info=&#8221;{}&#8221;]<\/p>\n<p>Le projet <strong><em>Papua Bercerita<\/em><\/strong> (\u00ab Papua Raconte des Histoires \u00bb) a \u00e9t\u00e9 initi\u00e9 par l\u2019Institut de Recherche et de Promotion des Politiques (ELSAM) et les Brigades de Paix Internationales en mars 2022. Il a rassembl\u00e9 15 jeunes Papous d\u2019origines autochtones et non autochtones, religieuses, ethniques et culturelles diverses pour partager leurs perspectives, discuter des questions li\u00e9es aux r\u00e9alit\u00e9s sociales en Papouasie et b\u00e2tir une solidarit\u00e9 entre les groupes. Les partenaires du projet ont sp\u00e9cifiquement choisi la photographie comme moyen permettant aux participants de r\u00e9fl\u00e9chir \u00e0 leurs exp\u00e9riences personnelles en tant que Papous tout en cr\u00e9ant un espace de dialogue entre eux. La photographie est facile \u00e0 utiliser et permet de discuter de situations complexes, car elle interagit avec les exp\u00e9riences subjectives des participants en lien avec des dynamiques sociales et politiques plus larges. Les initiateurs souhaitaient sp\u00e9cifiquement utiliser la photographie pour aborder les st\u00e9r\u00e9otypes et pr\u00e9jug\u00e9s, car les repr\u00e9sentations historiques des habitants de la Papouasie occidentale par des observateurs ext\u00e9rieurs ont nourri des st\u00e9r\u00e9otypes qui d\u00e9gradent des relations interculturelles d\u00e9j\u00e0 tendues.<\/p>\n<p>[\/et_pb_text][\/et_pb_column][\/et_pb_row][et_pb_row column_structure=&#8221;1_2,1_2&#8243; _builder_version=&#8221;4.27.0&#8243; _module_preset=&#8221;default&#8221; custom_padding=&#8221;9px|||||&#8221; global_colors_info=&#8221;{}&#8221;][et_pb_column type=&#8221;1_2&#8243; _builder_version=&#8221;4.27.0&#8243; _module_preset=&#8221;default&#8221; global_colors_info=&#8221;{}&#8221;][et_pb_text _builder_version=&#8221;4.27.0&#8243; _module_preset=&#8221;default&#8221; text_font=&#8221;&#8211;et_global_body_font|300|||||||&#8221; text_font_size=&#8221;22px&#8221; text_line_height=&#8221;1.2em&#8221; width=&#8221;100%&#8221; custom_margin=&#8221;163px||||false|false&#8221; custom_padding=&#8221;|0px||||&#8221; global_colors_info=&#8221;{}&#8221;]<\/p>\n<p>Pendant 10 mois, le groupe a d\u00e9velopp\u00e9 ses comp\u00e9tences en narration et en photographie pour partager ses points de vue sur les questions sociales et culturelles en Papouasie occidentale. Le projet s\u2019est structur\u00e9 autour de trois s\u00e9ries d\u2019ateliers de cinq jours, o\u00f9 les participants ont exp\u00e9riment\u00e9 avec des appareils photo Polaroid, appris la photographie avec des appareils reflex et les techniques de narration, r\u00e9alis\u00e9 des sorties photographiques et d\u00e9battu sur la repr\u00e9sentation et les st\u00e9r\u00e9otypes. Ils ont d\u00e9velopp\u00e9 leurs propres projets photographiques sur les histoires qu\u2019ils souhaitaient raconter sur la Papouasie. Entre les ateliers, les participants ont pris des photos et travaill\u00e9 en ligne avec des mentors pour d\u00e9velopper leurs projets. Les th\u00e8mes abord\u00e9s incluent des probl\u00e8mes li\u00e9s aux d\u00e9chets dans la ville de Jayapura, la perte de langues et de cultures autochtones, ainsi que les probl\u00e8mes rencontr\u00e9s par les enfants dans les villages ruraux. Les jeunes ont \u00e9galement appris des notions sur la s\u00e9curit\u00e9 num\u00e9rique, la sant\u00e9 mentale et les r\u00e9seaux sociaux pendant les ateliers.<\/p>\n<p>&nbsp;<\/p>\n<p>Le projet s\u2019est conclu par une exposition \u00e0 Jakarta, visant \u00e0 atteindre le public indon\u00e9sien, en particulier les jeunes, et \u00e0 combattre les st\u00e9r\u00e9otypes en leur pr\u00e9sentant des histoires de Papouasie qu\u2019ils n\u2019avaient jamais vues auparavant. Des discussions parall\u00e8les avec des jeunes, des activistes et des ONG lors de l\u2019exposition ont cr\u00e9\u00e9 des espaces pour encourager le dialogue et la solidarit\u00e9. <em>Papua Tells Stories<\/em> a \u00e9galement publi\u00e9 <a href=\"chrome-extension:\/\/efaidnbmnnnibpcajpcglclefindmkaj\/https:\/elsam.or.id\/storage\/files\/3\/FILE%20CETAK_PAPUA%20BERCERITA_compressed%20(1).pdf\">un livre<\/a>.<\/p>\n<p>[\/et_pb_text][\/et_pb_column][et_pb_column type=&#8221;1_2&#8243; _builder_version=&#8221;4.27.0&#8243; _module_preset=&#8221;default&#8221; global_colors_info=&#8221;{}&#8221;][et_pb_image src=&#8221;https:\/\/imagingpeace.org\/wp-content\/uploads\/2024\/08\/5.-IMG_1521-scaled.jpg&#8221; title_text=&#8221;5. IMG_1521&#8243; _builder_version=&#8221;4.27.0&#8243; _module_preset=&#8221;default&#8221; global_colors_info=&#8221;{}&#8221;][\/et_pb_image][et_pb_text _builder_version=&#8221;4.27.4&#8243; _module_preset=&#8221;default&#8221; text_font=&#8221;Actor|&#8211;et_global_body_font_weight|||||||&#8221; text_line_height=&#8221;1.8em&#8221; header_5_font=&#8221;Antic Slab|&#8211;et_global_heading_font_weight|||||||&#8221; header_5_font_size=&#8221;15px&#8221; custom_margin=&#8221;2px||||false|false&#8221; custom_padding=&#8221;|0px||0px||&#8221; hover_enabled=&#8221;0&#8243; global_colors_info=&#8221;{}&#8221; sticky_enabled=&#8221;0&#8243;]<\/p>\n<h5 style=\"text-align: right;\"><strong>Un arbre calendrier.<\/strong><\/h5>\n<h5 style=\"text-align: right;\">Le peuple Namblong croit que la couleur rouge des feuilles de cet arbre annonce l\u2019arriv\u00e9e de l\u2019\u00e9t\u00e9.<\/h5>\n<h5 style=\"text-align: right;\">.<\/h5>\n<h5 style=\"text-align: right;\"><strong>\u00a9 Vebry Hembring \/ Papua Tells Stories, <\/strong><strong>Papouasie occidentale<\/strong><\/h5>\n<p>[\/et_pb_text][\/et_pb_column][\/et_pb_row][et_pb_row column_structure=&#8221;1_5,3_5,1_5&#8243; _builder_version=&#8221;4.27.0&#8243; _module_preset=&#8221;default&#8221; background_color=&#8221;#EBEFE6&#8243; custom_margin=&#8221;33px|auto|61px|auto||&#8221; custom_padding=&#8221;91px|||||&#8221; global_colors_info=&#8221;{}&#8221;][et_pb_column type=&#8221;1_5&#8243; _builder_version=&#8221;4.27.0&#8243; _module_preset=&#8221;default&#8221; global_colors_info=&#8221;{}&#8221;][\/et_pb_column][et_pb_column type=&#8221;3_5&#8243; _builder_version=&#8221;4.27.0&#8243; _module_preset=&#8221;default&#8221; global_colors_info=&#8221;{}&#8221;][et_pb_testimonial author=&#8221;Introduction du livre Papua Tells Stories\u00a0&#8221; font_icon=&#8221;&#xf10e;||fa||900&#8243; use_icon_font_size=&#8221;on&#8221; _builder_version=&#8221;4.27.0&#8243; _module_preset=&#8221;default&#8221; body_font_size=&#8221;31px&#8221; body_line_height=&#8221;1.2em&#8221; author_font_size=&#8221;24px&#8221; author_line_height=&#8221;1.2em&#8221; custom_padding=&#8221;|0px||4px||&#8221; border_width_all=&#8221;0px&#8221; global_colors_info=&#8221;{}&#8221;]<\/p>\n<p style=\"text-align: center;\"><em>\u2018Lors des s\u00e9ances de formation et des excursions, l\u2019accent \u00e9tait mis sur la repr\u00e9sentation des communaut\u00e9s : qui parle et comment leur histoire est-elle encadr\u00e9e dans un contexte plus large ? De cette mani\u00e8re, la photographie poss\u00e8de un pouvoir transformateur. Elle peut modifier les hi\u00e9rarchies dominantes en partageant un point de vue historiquement sous-repr\u00e9sent\u00e9. En explorant ces th\u00e8mes, les participants ont d\u00e9velopp\u00e9 les histoires qu\u2019ils souhaitent raconter sur la Papouasie\u2019. <\/em><\/p>\n<p>[\/et_pb_testimonial][\/et_pb_column][et_pb_column type=&#8221;1_5&#8243; _builder_version=&#8221;4.27.0&#8243; _module_preset=&#8221;default&#8221; global_colors_info=&#8221;{}&#8221;][\/et_pb_column][\/et_pb_row][et_pb_row column_structure=&#8221;1_5,3_5,1_5&#8243; _builder_version=&#8221;4.27.0&#8243; _module_preset=&#8221;default&#8221; width=&#8221;94%&#8221; max_width=&#8221;1476px&#8221; custom_padding=&#8221;5px|||||&#8221; global_colors_info=&#8221;{}&#8221;][et_pb_column type=&#8221;1_5&#8243; _builder_version=&#8221;4.27.0&#8243; _module_preset=&#8221;default&#8221; global_colors_info=&#8221;{}&#8221;][\/et_pb_column][et_pb_column type=&#8221;3_5&#8243; _builder_version=&#8221;4.27.0&#8243; _module_preset=&#8221;default&#8221; global_colors_info=&#8221;{}&#8221;][et_pb_image src=&#8221;https:\/\/imagingpeace.org\/wp-content\/uploads\/2024\/08\/9.-IMG_0022.jpg&#8221; title_text=&#8221;9.-IMG_0022&#8243; align=&#8221;center&#8221; _builder_version=&#8221;4.27.0&#8243; _module_preset=&#8221;default&#8221; custom_margin=&#8221;||-8px|||&#8221; global_colors_info=&#8221;{}&#8221;][\/et_pb_image][\/et_pb_column][et_pb_column type=&#8221;1_5&#8243; _builder_version=&#8221;4.27.0&#8243; _module_preset=&#8221;default&#8221; global_colors_info=&#8221;{}&#8221;][\/et_pb_column][\/et_pb_row][et_pb_row column_structure=&#8221;1_4,1_2,1_4&#8243; _builder_version=&#8221;4.27.0&#8243; _module_preset=&#8221;default&#8221; width=&#8221;94%&#8221; max_width=&#8221;1476px&#8221; custom_padding=&#8221;5px|||||&#8221; global_colors_info=&#8221;{}&#8221;][et_pb_column type=&#8221;1_4&#8243; _builder_version=&#8221;4.27.0&#8243; _module_preset=&#8221;default&#8221; global_colors_info=&#8221;{}&#8221;][\/et_pb_column][et_pb_column type=&#8221;1_2&#8243; _builder_version=&#8221;4.27.0&#8243; _module_preset=&#8221;default&#8221; global_colors_info=&#8221;{}&#8221;][et_pb_text _builder_version=&#8221;4.27.0&#8243; _module_preset=&#8221;default&#8221; text_font=&#8221;Actor|&#8211;et_global_body_font_weight|||||||&#8221; text_line_height=&#8221;1.8em&#8221; header_5_font=&#8221;Antic Slab|&#8211;et_global_heading_font_weight|||||||&#8221; header_5_font_size=&#8221;15px&#8221; custom_margin=&#8221;2px||||false|false&#8221; custom_padding=&#8221;|26px||58px||&#8221; global_colors_info=&#8221;{}&#8221;]<\/p>\n<h5>Marchant parmi des tas d\u2019ordures, un travailleur examine les d\u00e9chets organiques qui seront tri\u00e9s et vendus \u00e0 des \u00e9leveurs.<\/h5>\n<h5><strong>\u00a9 <\/strong><strong>Christina Soge, issue de son histoire sur la gestion des d\u00e9chets dans la ville de Jayapura \/ Papua Tells Stories, Papouasie occidentale<\/strong><\/h5>\n<p>[\/et_pb_text][\/et_pb_column][et_pb_column type=&#8221;1_4&#8243; _builder_version=&#8221;4.27.0&#8243; _module_preset=&#8221;default&#8221; global_colors_info=&#8221;{}&#8221;][\/et_pb_column][\/et_pb_row][et_pb_row _builder_version=&#8221;4.27.4&#8243; _module_preset=&#8221;default&#8221;][et_pb_column _builder_version=&#8221;4.27.4&#8243; _module_preset=&#8221;default&#8221; type=&#8221;4_4&#8243;][\/et_pb_column][\/et_pb_row][et_pb_row _builder_version=&#8221;4.27.0&#8243; _module_preset=&#8221;default&#8221; custom_padding=&#8221;9px|||||&#8221; global_colors_info=&#8221;{}&#8221;][et_pb_column type=&#8221;4_4&#8243; _builder_version=&#8221;4.27.0&#8243; _module_preset=&#8221;default&#8221; global_colors_info=&#8221;{}&#8221;][et_pb_menu menu_id=&#8221;10&#8243; menu_style=&#8221;centered&#8221; active_link_color=&#8221;#E09900&#8243; _builder_version=&#8221;4.27.0&#8243; _module_preset=&#8221;default&#8221; menu_font=&#8221;|||on|||||&#8221; menu_text_color=&#8221;#000000&#8243; global_colors_info=&#8221;{}&#8221; menu_font_size__hover_enabled=&#8221;off|desktop&#8221; theme_builder_area=&#8221;post_content&#8221;][\/et_pb_menu][\/et_pb_column][\/et_pb_row][\/et_pb_section]<\/p>\n","protected":false},"excerpt":{"rendered":"<p>PROJECTS | ENGLISH\u00a0 |\u00a0 ESPA\u00d1OL |\u00a0 FRAN\u00c7AISPapua Tells Stories (FR)Pays: Indon\u00e9sie Participants: Jeunes autochtones et non autochtones de Papouasie Site internetBapa Oktovianus Bay (66 ans) dans le village d\u2019Ombrob, l\u2019un des derniers locuteurs de la langue namblong. Pendant des g\u00e9n\u00e9rations, la tribu Namblong a utilis\u00e9 la langue namblong pour ses communications quotidiennes. Aujourd\u2019hui, elle est [&hellip;]<\/p>\n","protected":false},"author":1,"featured_media":0,"parent":0,"menu_order":0,"comment_status":"closed","ping_status":"closed","template":"","meta":{"_et_pb_use_builder":"on","_et_pb_old_content":"<!-- wp:divi\/placeholder \/-->","_et_gb_content_width":"","footnotes":""},"class_list":["post-1315","page","type-page","status-publish","hentry"],"acf":[],"_links":{"self":[{"href":"https:\/\/imagingpeace.org\/index.php\/wp-json\/wp\/v2\/pages\/1315","targetHints":{"allow":["GET"]}}],"collection":[{"href":"https:\/\/imagingpeace.org\/index.php\/wp-json\/wp\/v2\/pages"}],"about":[{"href":"https:\/\/imagingpeace.org\/index.php\/wp-json\/wp\/v2\/types\/page"}],"author":[{"embeddable":true,"href":"https:\/\/imagingpeace.org\/index.php\/wp-json\/wp\/v2\/users\/1"}],"replies":[{"embeddable":true,"href":"https:\/\/imagingpeace.org\/index.php\/wp-json\/wp\/v2\/comments?post=1315"}],"version-history":[{"count":2,"href":"https:\/\/imagingpeace.org\/index.php\/wp-json\/wp\/v2\/pages\/1315\/revisions"}],"predecessor-version":[{"id":1741,"href":"https:\/\/imagingpeace.org\/index.php\/wp-json\/wp\/v2\/pages\/1315\/revisions\/1741"}],"wp:attachment":[{"href":"https:\/\/imagingpeace.org\/index.php\/wp-json\/wp\/v2\/media?parent=1315"}],"curies":[{"name":"wp","href":"https:\/\/api.w.org\/{rel}","templated":true}]}}