{"id":1312,"date":"2024-12-17T12:15:44","date_gmt":"2024-12-17T12:15:44","guid":{"rendered":"https:\/\/imagingpeace.org\/?page_id=1312"},"modified":"2025-01-18T14:09:18","modified_gmt":"2025-01-18T14:09:18","slug":"open-shutters-es","status":"publish","type":"page","link":"https:\/\/imagingpeace.org\/index.php\/open-shutters-es\/","title":{"rendered":"Open Shutters ES"},"content":{"rendered":"<p>[et_pb_section fb_built=&#8221;1&#8243; _builder_version=&#8221;4.27.0&#8243; _module_preset=&#8221;default&#8221; locked=&#8221;off&#8221; global_colors_info=&#8221;{}&#8221;][et_pb_row _builder_version=&#8221;4.27.4&#8243; _module_preset=&#8221;default&#8221; custom_padding=&#8221;18px||0px|||&#8221; locked=&#8221;off&#8221; global_colors_info=&#8221;{}&#8221;][et_pb_column type=&#8221;4_4&#8243; _builder_version=&#8221;4.27.4&#8243; _module_preset=&#8221;default&#8221; global_colors_info=&#8221;{}&#8221;][et_pb_text _builder_version=&#8221;4.27.4&#8243; _module_preset=&#8221;default&#8221; global_colors_info=&#8221;{}&#8221;]<\/p>\n<p><a href=\"https:\/\/imagingpeace.org\/index.php\/peace-photography-projects\/\">PROJECTS<\/a> | <a href=\"https:\/\/imagingpeace.org\/index.php\/open-shutters\/\">ENGLISH<\/a>\u00a0 |\u00a0 <a href=\"https:\/\/imagingpeace.org\/index.php\/open-shutters-es\/\" title=\"Esp\">ESPA\u00d1OL<\/a>\u00a0 |\u00a0 <a href=\"https:\/\/imagingpeace.org\/index.php\/open-shutters-fr\/\">FRAN\u00c7AIS<\/a><\/p>\n<p>[\/et_pb_text][\/et_pb_column][\/et_pb_row][et_pb_row _builder_version=&#8221;4.27.0&#8243; _module_preset=&#8221;default&#8221; global_colors_info=&#8221;{}&#8221;][et_pb_column type=&#8221;4_4&#8243; _builder_version=&#8221;4.27.0&#8243; _module_preset=&#8221;default&#8221; global_colors_info=&#8221;{}&#8221;][et_pb_text admin_label=&#8221;Title&#8221; _builder_version=&#8221;4.27.0&#8243; _module_preset=&#8221;default&#8221; header_font_size=&#8221;54px&#8221; custom_margin=&#8221;||8px||false|false&#8221; global_colors_info=&#8221;{}&#8221;]<\/p>\n<h1 style=\"text-align: left;\"><strong>Open Shutters IraK (ES)<\/strong><\/h1>\n<p>[\/et_pb_text][et_pb_text admin_label=&#8221;Title&#8221; _builder_version=&#8221;4.27.4&#8243; _module_preset=&#8221;default&#8221; header_3_font_size=&#8221;24px&#8221; header_3_line_height=&#8221;0.8em&#8221; hover_enabled=&#8221;0&#8243; global_colors_info=&#8221;{}&#8221; sticky_enabled=&#8221;0&#8243;]<\/p>\n<h3>Pa\u00eds: <strong>Irak y Siria<\/strong><\/h3>\n<h3>Participantes:<strong> Mujeres iraqu\u00edes<\/strong><\/h3>\n<h3><a href=\"https:\/\/www.liverpool.ac.uk\/media\/livacuk\/irish-studies\/research\/invitationtoobserve\/Open,Shutters,Iraq.pdf\" target=\"_blank\" rel=\"noopener\">P\u00e1gina web<\/a><\/h3>\n<p>[\/et_pb_text][\/et_pb_column][\/et_pb_row][et_pb_row _builder_version=&#8221;4.27.0&#8243; _module_preset=&#8221;default&#8221; width=&#8221;100%&#8221; max_width=&#8221;1700px&#8221; custom_padding=&#8221;2px||1px|||&#8221; global_colors_info=&#8221;{}&#8221;][et_pb_column type=&#8221;4_4&#8243; _builder_version=&#8221;4.27.0&#8243; _module_preset=&#8221;default&#8221; global_colors_info=&#8221;{}&#8221;][et_pb_slider _builder_version=&#8221;4.27.0&#8243; _module_preset=&#8221;default&#8221; custom_margin=&#8221;||18px|||&#8221; custom_padding=&#8221;||759px|||&#8221; global_colors_info=&#8221;{}&#8221;][et_pb_slide _builder_version=&#8221;4.27.0&#8243; _module_preset=&#8221;default&#8221; background_color=&#8221;#969696&#8243; background_enable_color=&#8221;on&#8221; background_image=&#8221;https:\/\/imagingpeace.org\/wp-content\/uploads\/2024\/08\/Open_Shutters_1.jpg&#8221; background_enable_image=&#8221;on&#8221; width=&#8221;100%&#8221; width_tablet=&#8221;100%&#8221; width_phone=&#8221;0%&#8221; width_last_edited=&#8221;on|phone&#8221; max_width_tablet=&#8221;&#8221; max_width_phone=&#8221;100%&#8221; max_width_last_edited=&#8221;on|phone&#8221; global_colors_info=&#8221;{}&#8221; sticky_transition=&#8221;on&#8221;][\/et_pb_slide][\/et_pb_slider][\/et_pb_column][\/et_pb_row][et_pb_row _builder_version=&#8221;4.27.0&#8243; _module_preset=&#8221;default&#8221; custom_margin=&#8221;-3px|auto||auto||&#8221; custom_padding=&#8221;1px||5px|||&#8221; global_colors_info=&#8221;{}&#8221;][et_pb_column type=&#8221;4_4&#8243; _builder_version=&#8221;4.27.0&#8243; _module_preset=&#8221;default&#8221; global_colors_info=&#8221;{}&#8221;][et_pb_text _builder_version=&#8221;4.27.0&#8243; _module_preset=&#8221;default&#8221; text_font=&#8221;Actor|&#8211;et_global_body_font_weight|||||||&#8221; text_line_height=&#8221;1.8em&#8221; header_5_font=&#8221;Antic Slab|&#8211;et_global_heading_font_weight|||||||&#8221; header_5_font_size=&#8221;15px&#8221; custom_margin=&#8221;2px||||false|false&#8221; custom_padding=&#8221;2px|0px||58px||&#8221; global_colors_info=&#8221;{}&#8221;]<\/p>\n<h5 class=\"p1\" style=\"text-align: right;\"><strong>\u2018La maternidad\u2019<\/strong> <br \/>Cocino en la estufa de gasolina; la electricidad y el gas se han convertido en queridos visitantes que rara vez nos honran con su presencia. Ayudo a mis hijos con sus estudios, lavo la ropa y cuido la comida. Es posible que se necesiten hasta cuatro horas para terminar de cocinarse. Al d\u00eda siguiente, despu\u00e9s de volver del trabajo, dedico una hora a calentar la comida. Todo este trabajo, pero significa que puedo ver a toda mi familia sentada a comer junta, tal como sol\u00edamos hacerlo. En casa en Mosul.<\/h5>\n<h5 class=\"p1\" style=\"text-align: right;\"><strong>\u00a9 Antoinette, Mosul \/ Open Shutters Iraq<\/strong><\/h5>\n<p>[\/et_pb_text][\/et_pb_column][\/et_pb_row][et_pb_row _builder_version=&#8221;4.27.0&#8243; _module_preset=&#8221;default&#8221; custom_padding=&#8221;24px||6px|||&#8221; global_colors_info=&#8221;{}&#8221;][et_pb_column type=&#8221;4_4&#8243; _builder_version=&#8221;4.27.0&#8243; _module_preset=&#8221;default&#8221; global_colors_info=&#8221;{}&#8221;][et_pb_text _builder_version=&#8221;4.27.4&#8243; _module_preset=&#8221;default&#8221; text_font=&#8221;&#8211;et_global_body_font|300|||||||&#8221; text_font_size=&#8221;22px&#8221; text_line_height=&#8221;1.2em&#8221; width=&#8221;100%&#8221; custom_padding=&#8221;|0px||||&#8221; hover_enabled=&#8221;0&#8243; global_colors_info=&#8221;{}&#8221; sticky_enabled=&#8221;0&#8243;]<\/p>\n<p>Despu\u00e9s del derrocamiento de Saddam Hussein en 2003, Irak qued\u00f3 sin un gobierno eficaz ni una infraestructura civil y su pueblo se volvi\u00f3 cada vez m\u00e1s vulnerable a la violencia arbitraria de quienes explotan el caos. En 2006, era cada vez m\u00e1s imposible para los periodistas trabajar en el pa\u00eds y no se escuchaba la historia de lo que le estaba sucediendo a la gente corriente.<\/p>\n<p>Dirigido por la fot\u00f3grafa Eugenie Dolberg, <a href=\"https:\/\/www.liverpool.ac.uk\/media\/livacuk\/irish-studies\/research\/invitationtoobserve\/Open,Shutters,Iraq.pdf\" target=\"_blank\" rel=\"noopener\">Open Shutters Iraq<\/a> fue un proyecto de fotograf\u00eda participativa que reuni\u00f3 a un grupo de mujeres iraqu\u00edes para contar sus historias. Trabajando con directores de proyectos tanto en Irak como en Siria, Dolberg reuni\u00f3 a un grupo de mujeres con diversos or\u00edgenes sociales, religiosos y pol\u00edticos que proced\u00edan de cinco ciudades iraqu\u00edes: Bagdad, Basora, Faluya, Kirkuk y Mosul. Irada al Jobbouri, una profesora universitaria que dej\u00f3 su trabajo para convertirse en directora del proyecto iraqu\u00ed, tard\u00f3 meses en reunir al grupo de mujeres de boca en boca, a trav\u00e9s de amigos y recomendaciones, hablando extensamente con cada una de ellas para establecer su motivaci\u00f3n, la log\u00edstica y las implicaciones. de su participaci\u00f3n y riesgos involucrados.<\/p>\n<p>[\/et_pb_text][\/et_pb_column][\/et_pb_row][et_pb_row _builder_version=&#8221;4.27.0&#8243; _module_preset=&#8221;default&#8221; width=&#8221;94%&#8221; max_width=&#8221;1476px&#8221; custom_padding=&#8221;5px|||||&#8221; global_colors_info=&#8221;{}&#8221;][et_pb_column type=&#8221;4_4&#8243; _builder_version=&#8221;4.27.0&#8243; _module_preset=&#8221;default&#8221; global_colors_info=&#8221;{}&#8221;][et_pb_image src=&#8221;https:\/\/imagingpeace.org\/wp-content\/uploads\/2024\/08\/Open_Shutters_2.jpg&#8221; title_text=&#8221;Open_Shutters_2&#8243; align=&#8221;center&#8221; _builder_version=&#8221;4.27.0&#8243; _module_preset=&#8221;default&#8221; global_colors_info=&#8221;{}&#8221;][\/et_pb_image][\/et_pb_column][\/et_pb_row][et_pb_row _builder_version=&#8221;4.27.0&#8243; _module_preset=&#8221;default&#8221; custom_padding=&#8221;1px|||||&#8221; global_colors_info=&#8221;{}&#8221;][et_pb_column type=&#8221;4_4&#8243; _builder_version=&#8221;4.27.0&#8243; _module_preset=&#8221;default&#8221; global_colors_info=&#8221;{}&#8221;][et_pb_text _builder_version=&#8221;4.27.4&#8243; _module_preset=&#8221;default&#8221; text_font=&#8221;Actor|&#8211;et_global_body_font_weight|||||||&#8221; text_line_height=&#8221;1.8em&#8221; header_5_font=&#8221;Antic Slab|&#8211;et_global_heading_font_weight|||||||&#8221; header_5_font_size=&#8221;15px&#8221; custom_margin=&#8221;2px||||false|false&#8221; custom_padding=&#8221;|0px||58px||&#8221; global_colors_info=&#8221;{}&#8221;]<\/p>\n<h5 class=\"p1\" style=\"text-align: right;\">Si alguien no est\u00e1 en casa a las cinco de la tarde y no se puede contactar con \u00e9l por tel\u00e9fono, todos en la familia quedan paralizados por el miedo y la imagen de su cuerpo acribillado a balazos y tirado a la basura. El \u00fanico momento en el que podemos respirar de nuevo y relajarnos es cuando volvemos a estar juntos bajo el mismo techo. Y si tenemos la suerte de conseguir una hora de electricidad, nos reunimos todos frente al televisor.<\/h5>\n<h5 class=\"p1\" style=\"text-align: right;\">.<br \/><strong>\u00a9 Sarab, Baghdad \/ Open Shutters Iraq<\/strong><\/h5>\n<p>[\/et_pb_text][\/et_pb_column][\/et_pb_row][et_pb_row _builder_version=&#8221;4.27.0&#8243; _module_preset=&#8221;default&#8221; global_colors_info=&#8221;{}&#8221;][et_pb_column type=&#8221;4_4&#8243; _builder_version=&#8221;4.27.0&#8243; _module_preset=&#8221;default&#8221; global_colors_info=&#8221;{}&#8221;][et_pb_text _builder_version=&#8221;4.27.0&#8243; _module_preset=&#8221;default&#8221; text_font=&#8221;&#8211;et_global_body_font|300|||||||&#8221; text_font_size=&#8221;22px&#8221; text_line_height=&#8221;1.2em&#8221; global_colors_info=&#8221;{}&#8221;]<\/p>\n<p>Dados los peligros de trabajar en Irak, las mujeres se reunieron en Damasco, Siria, para aprender fotograf\u00eda y compartir sus experiencias. Dolberg destaca que las mujeres necesitaban tener el espacio, la confianza y las herramientas creativas para reflexionar y hablar sobre sus experiencias antes de comenzar con sus propias historias fotogr\u00e1ficas. Durante cuatro semanas, las mujeres trabajaron y vivieron juntas en una casa tradicional, construyendo mapas de vida que consist\u00edan en grandes gr\u00e1ficos llenos de fotograf\u00edas familiares, poes\u00eda garabateada y citas, los nombres de las emociones y detallando todos los altibajos de sus vidas. Cada d\u00eda aprendieron y practicaron diferentes t\u00e9cnicas fotogr\u00e1ficas. Deambularon por las calles de Damasco, tomando fotograf\u00edas y revisando las im\u00e1genes que tomaban cada d\u00eda. Cuando regresaron a Irak, todos hab\u00edan decidido un tema para hacer una historia fotogr\u00e1fica.<\/p>\n<p>[\/et_pb_text][\/et_pb_column][\/et_pb_row][et_pb_row column_structure=&#8221;1_5,3_5,1_5&#8243; _builder_version=&#8221;4.27.0&#8243; _module_preset=&#8221;default&#8221; background_color=&#8221;#EBEFE6&#8243; custom_margin=&#8221;46px|auto|61px|auto||&#8221; custom_padding=&#8221;91px|||||&#8221; global_colors_info=&#8221;{}&#8221;][et_pb_column type=&#8221;1_5&#8243; _builder_version=&#8221;4.27.0&#8243; _module_preset=&#8221;default&#8221; global_colors_info=&#8221;{}&#8221;][\/et_pb_column][et_pb_column type=&#8221;3_5&#8243; _builder_version=&#8221;4.27.0&#8243; _module_preset=&#8221;default&#8221; global_colors_info=&#8221;{}&#8221;][et_pb_testimonial author=&#8221;Irada al Jobbouri&#8221; job_title=&#8221;Directora del proyecto &#8221; company_name=&#8221;Open Shutters Iraq&#8221; font_icon=&#8221;&#xf10e;||fa||900&#8243; use_icon_font_size=&#8221;on&#8221; _builder_version=&#8221;4.27.4&#8243; _module_preset=&#8221;default&#8221; body_font_size=&#8221;31px&#8221; body_line_height=&#8221;1.2em&#8221; author_font_size=&#8221;24px&#8221; author_line_height=&#8221;1.2em&#8221; custom_padding=&#8221;|0px||4px||&#8221; border_width_all=&#8221;0px&#8221; global_colors_info=&#8221;{}&#8221;]<\/p>\n<p style=\"text-align: center;\"><em>&#8216;Esto no es un proyecto; esto es un sue\u00f1o. Un sue\u00f1o que quer\u00eda vivir para mi hija. Entonces, ella puede crecer y comprender lo que realmente est\u00e1 sucediendo ahora&#8217;.<\/em><\/p>\n<p>[\/et_pb_testimonial][\/et_pb_column][et_pb_column type=&#8221;1_5&#8243; _builder_version=&#8221;4.27.0&#8243; _module_preset=&#8221;default&#8221; global_colors_info=&#8221;{}&#8221;][\/et_pb_column][\/et_pb_row][et_pb_row _builder_version=&#8221;4.27.0&#8243; _module_preset=&#8221;default&#8221; custom_padding=&#8221;1px|||||&#8221; global_colors_info=&#8221;{}&#8221;][et_pb_column type=&#8221;4_4&#8243; _builder_version=&#8221;4.27.0&#8243; _module_preset=&#8221;default&#8221; global_colors_info=&#8221;{}&#8221;][et_pb_text _builder_version=&#8221;4.27.0&#8243; _module_preset=&#8221;default&#8221; text_font=&#8221;&#8211;et_global_body_font|300|||||||&#8221; text_font_size=&#8221;22px&#8221; text_line_height=&#8221;1.2em&#8221; global_colors_info=&#8221;{}&#8221;]<\/p>\n<p>After six weeks, the women returned to Damascus with their images to edit and write about their stories and biographies over five days of workshops. Their work told deeply personal stories of war, loss, and occupation and of bravery, strength, survival, and resistance. Each woman chose whether to share their imagery under a pseudonym. Their work was published in a book, <em>Open Shutters Iraq<\/em>, containing nine photo essays. Their book is dedicated to the memory of two of the women, Sajida Um Mohammed, who died of cancer having lived in an area heavily affected by depleted uranium, and Sarwa, who was killed in Mosul by an armed group targeting vocal women. A film about the project, <em>Our Feelings Took the Pictures, <\/em>directed by Maysoon Pachachi, was also released on limited distribution due to the risks of sectarian violence.<\/p>\n<p>[\/et_pb_text][\/et_pb_column][\/et_pb_row][et_pb_row _builder_version=&#8221;4.27.4&#8243; _module_preset=&#8221;default&#8221; global_colors_info=&#8221;{}&#8221;][et_pb_column type=&#8221;4_4&#8243; _builder_version=&#8221;4.27.4&#8243; _module_preset=&#8221;default&#8221; global_colors_info=&#8221;{}&#8221;][et_pb_menu menu_id=&#8221;10&#8243; menu_style=&#8221;centered&#8221; active_link_color=&#8221;#E09900&#8243; _builder_version=&#8221;4.27.0&#8243; _module_preset=&#8221;default&#8221; menu_font=&#8221;|||on|||||&#8221; menu_text_color=&#8221;#000000&#8243; global_colors_info=&#8221;{}&#8221; menu_font_size__hover_enabled=&#8221;off|desktop&#8221;][\/et_pb_menu][\/et_pb_column][\/et_pb_row][\/et_pb_section]<\/p>\n","protected":false},"excerpt":{"rendered":"<p>PROJECTS | ENGLISH\u00a0 |\u00a0 ESPA\u00d1OL\u00a0 |\u00a0 FRAN\u00c7AISOpen Shutters IraK (ES)Pa\u00eds: Irak y Siria Participantes: Mujeres iraqu\u00edes P\u00e1gina web\u2018La maternidad\u2019 Cocino en la estufa de gasolina; la electricidad y el gas se han convertido en queridos visitantes que rara vez nos honran con su presencia. Ayudo a mis hijos con sus estudios, lavo la ropa y [&hellip;]<\/p>\n","protected":false},"author":1,"featured_media":0,"parent":0,"menu_order":0,"comment_status":"closed","ping_status":"closed","template":"","meta":{"_et_pb_use_builder":"on","_et_pb_old_content":"<!-- wp:divi\/placeholder \/-->","_et_gb_content_width":"","footnotes":""},"class_list":["post-1312","page","type-page","status-publish","hentry"],"acf":[],"_links":{"self":[{"href":"https:\/\/imagingpeace.org\/index.php\/wp-json\/wp\/v2\/pages\/1312","targetHints":{"allow":["GET"]}}],"collection":[{"href":"https:\/\/imagingpeace.org\/index.php\/wp-json\/wp\/v2\/pages"}],"about":[{"href":"https:\/\/imagingpeace.org\/index.php\/wp-json\/wp\/v2\/types\/page"}],"author":[{"embeddable":true,"href":"https:\/\/imagingpeace.org\/index.php\/wp-json\/wp\/v2\/users\/1"}],"replies":[{"embeddable":true,"href":"https:\/\/imagingpeace.org\/index.php\/wp-json\/wp\/v2\/comments?post=1312"}],"version-history":[{"count":5,"href":"https:\/\/imagingpeace.org\/index.php\/wp-json\/wp\/v2\/pages\/1312\/revisions"}],"predecessor-version":[{"id":1873,"href":"https:\/\/imagingpeace.org\/index.php\/wp-json\/wp\/v2\/pages\/1312\/revisions\/1873"}],"wp:attachment":[{"href":"https:\/\/imagingpeace.org\/index.php\/wp-json\/wp\/v2\/media?parent=1312"}],"curies":[{"name":"wp","href":"https:\/\/api.w.org\/{rel}","templated":true}]}}