{"id":1277,"date":"2024-12-17T12:21:11","date_gmt":"2024-12-17T12:21:11","guid":{"rendered":"https:\/\/imagingpeace.org\/?page_id=1277"},"modified":"2025-01-18T14:00:59","modified_gmt":"2025-01-18T14:00:59","slug":"voices-and-images-fr","status":"publish","type":"page","link":"https:\/\/imagingpeace.org\/index.php\/voices-and-images-fr\/","title":{"rendered":"Voices and Images FR"},"content":{"rendered":"<p>[et_pb_section fb_built=&#8221;1&#8243; _builder_version=&#8221;4.27.0&#8243; _module_preset=&#8221;default&#8221; locked=&#8221;off&#8221; global_colors_info=&#8221;{}&#8221;][et_pb_row _builder_version=&#8221;4.27.4&#8243; _module_preset=&#8221;default&#8221; custom_padding=&#8221;18px||0px|||&#8221; locked=&#8221;off&#8221; global_colors_info=&#8221;{}&#8221;][et_pb_column type=&#8221;4_4&#8243; _builder_version=&#8221;4.27.4&#8243; _module_preset=&#8221;default&#8221; global_colors_info=&#8221;{}&#8221;][et_pb_text _builder_version=&#8221;4.27.4&#8243; _module_preset=&#8221;default&#8221; global_colors_info=&#8221;{}&#8221;]<\/p>\n<p><a href=\"https:\/\/imagingpeace.org\/index.php\/peace-photography-projects\/\">PROJECTS<\/a> | <a href=\"https:\/\/imagingpeace.org\/index.php\/2-voices-and-images\/\">ENGLISH<\/a>\u00a0 |\u00a0 <a href=\"https:\/\/imagingpeace.org\/index.php\/voices-and-images-es\/\" title=\"Esp\">ESPA\u00d1OL\u00a0<\/a> |\u00a0 <a href=\"https:\/\/imagingpeace.org\/index.php\/voices-and-images-fr\/\">FRAN\u00c7AIS<\/a><\/p>\n<p>[\/et_pb_text][\/et_pb_column][\/et_pb_row][et_pb_row _builder_version=&#8221;4.27.0&#8243; _module_preset=&#8221;default&#8221; global_colors_info=&#8221;{}&#8221;][et_pb_column type=&#8221;4_4&#8243; _builder_version=&#8221;4.27.0&#8243; _module_preset=&#8221;default&#8221; global_colors_info=&#8221;{}&#8221;][et_pb_text admin_label=&#8221;Title&#8221; _builder_version=&#8221;4.27.0&#8243; _module_preset=&#8221;default&#8221; header_font_size=&#8221;54px&#8221; header_line_height=&#8221;1em&#8221; custom_margin=&#8221;||29px||false|false&#8221; global_colors_info=&#8221;{}&#8221;]<\/p>\n<h1 style=\"text-align: left;\"><strong>Voices and images:\u00a0<\/strong><strong>Mayan Ixil women of Chajul (FR)<\/strong><\/h1>\n<p>[\/et_pb_text][et_pb_text admin_label=&#8221;Title&#8221; _builder_version=&#8221;4.27.0&#8243; _module_preset=&#8221;default&#8221; header_3_font_size=&#8221;24px&#8221; header_3_line_height=&#8221;0.8em&#8221; global_colors_info=&#8221;{}&#8221;]<\/p>\n<h3>Pays:<strong> Guatemala<\/strong><\/h3>\n<h3>Participantes:<strong> Femmes photographes de l&#8217;Association des Femmes Maya Ixiles (ADMI) et M. Brinton Lykes<\/strong><\/h3>\n<p>[\/et_pb_text][\/et_pb_column][\/et_pb_row][et_pb_row _builder_version=&#8221;4.27.0&#8243; _module_preset=&#8221;default&#8221; width=&#8221;100%&#8221; max_width=&#8221;1700px&#8221; custom_padding=&#8221;2px||1px|||&#8221; global_colors_info=&#8221;{}&#8221;][et_pb_column type=&#8221;4_4&#8243; _builder_version=&#8221;4.27.0&#8243; _module_preset=&#8221;default&#8221; global_colors_info=&#8221;{}&#8221;][et_pb_slider _builder_version=&#8221;4.27.0&#8243; _module_preset=&#8221;default&#8221; custom_margin=&#8221;||18px|||&#8221; custom_padding=&#8221;||579px|||&#8221; global_colors_info=&#8221;{}&#8221;][et_pb_slide _builder_version=&#8221;4.27.0&#8243; _module_preset=&#8221;default&#8221; background_color=&#8221;#969696&#8243; background_enable_color=&#8221;on&#8221; background_image=&#8221;https:\/\/imagingpeace.org\/wp-content\/uploads\/2024\/08\/V-I-2.jpg&#8221; background_enable_image=&#8221;on&#8221; background_position=&#8221;top_center&#8221; width=&#8221;100%&#8221; width_tablet=&#8221;100%&#8221; width_phone=&#8221;0%&#8221; width_last_edited=&#8221;on|phone&#8221; max_width_tablet=&#8221;&#8221; max_width_phone=&#8221;100%&#8221; max_width_last_edited=&#8221;on|phone&#8221; global_colors_info=&#8221;{}&#8221; sticky_transition=&#8221;on&#8221;][\/et_pb_slide][\/et_pb_slider][\/et_pb_column][\/et_pb_row][et_pb_row _builder_version=&#8221;4.27.0&#8243; _module_preset=&#8221;default&#8221; custom_margin=&#8221;-3px|auto||auto||&#8221; custom_padding=&#8221;1px||5px|||&#8221; global_colors_info=&#8221;{}&#8221;][et_pb_column type=&#8221;4_4&#8243; _builder_version=&#8221;4.27.0&#8243; _module_preset=&#8221;default&#8221; global_colors_info=&#8221;{}&#8221;][et_pb_text _builder_version=&#8221;4.27.0&#8243; _module_preset=&#8221;default&#8221; text_font=&#8221;Actor|&#8211;et_global_body_font_weight|||||||&#8221; text_line_height=&#8221;1.8em&#8221; header_5_font=&#8221;Antic Slab|&#8211;et_global_heading_font_weight|||||||&#8221; header_5_font_size=&#8221;15px&#8221; custom_margin=&#8221;2px||||false|false&#8221; custom_padding=&#8221;0px|0px||58px||&#8221; global_colors_info=&#8221;{}&#8221;]<\/p>\n<h5 style=\"text-align: right;\">Atelier PhotoVoice<br \/><strong>\u00a9 Voices and images: Mayan Ixil women of Chajul, Guatemala<\/strong><\/h5>\n<p>[\/et_pb_text][\/et_pb_column][\/et_pb_row][et_pb_row _builder_version=&#8221;4.27.0&#8243; _module_preset=&#8221;default&#8221; custom_padding=&#8221;24px||6px|||&#8221; global_colors_info=&#8221;{}&#8221;][et_pb_column type=&#8221;4_4&#8243; _builder_version=&#8221;4.27.0&#8243; _module_preset=&#8221;default&#8221; global_colors_info=&#8221;{}&#8221;][et_pb_text _builder_version=&#8221;4.27.0&#8243; _module_preset=&#8221;default&#8221; text_font=&#8221;&#8211;et_global_body_font|300|||||||&#8221; text_font_size=&#8221;22px&#8221; text_line_height=&#8221;1.2em&#8221; width=&#8221;100%&#8221; custom_padding=&#8221;|0px||||&#8221; global_colors_info=&#8221;{}&#8221;]<\/p>\n<p>Pendant la guerre civile guat\u00e9malt\u00e8que (1960-96), les forces gouvernementales ont \u00e9t\u00e9 condamn\u00e9es pour des abus g\u00e9n\u00e9ralis\u00e9s des droits humains envers la population civile et pour avoir commis un g\u00e9nocide contre les mayas ixiles. Chajul, une ville importante dans la r\u00e9gion ixil, a \u00e9t\u00e9 l&#8217;un des lieux d&#8217;atrocit\u00e9s massives comprenant des massacres, la destruction de villages, des disparitions, des d\u00e9placements et des exils g\u00e9n\u00e9ralis\u00e9s.<\/p>\n<p>Les effets \u00e0 grande \u00e9chelle de plusieurs d\u00e9cennies de conflit, combin\u00e9s aux in\u00e9galit\u00e9s \u00e9conomiques, au racisme et aux profonds h\u00e9ritages coloniaux structurels, ont boulevers\u00e9 une grande partie de la vie quotidienne au sein de ces communaut\u00e9s. Les femmes, qui avaient souffert de la violence genr\u00e9e et racialis\u00e9e de la guerre \u2013 incluant des milliers de cas document\u00e9s de viols, de tortures et d\u2019assassinats de filles et de femmes \u2013 se retrouvaient souvent seules \u00e0 subvenir aux besoins de leur famille. Beaucoup ont r\u00e9agi en cr\u00e9ant et en participant \u00e0 de nouvelles organisations de d\u00e9fense des droits humains et des femmes, par le biais desquelles elles ont cherch\u00e9 \u00e0 retrouver les traditions et \u00e0 reconstruire les communaut\u00e9s et les familles.<\/p>\n<p>L&#8217;Association des Femmes Mayas Ixiles (ADMI) a \u00e9t\u00e9 l&#8217;une de ces organisations qui a cherch\u00e9 \u00e0 cr\u00e9er un espace alternatif o\u00f9 les survivantes pouvaient exprimer les multiples effets de la guerre et comment elles reconstruisaient leurs vies. ADMI a coordonn\u00e9 plusieurs programmes, y compris des projets \u00e9ducatifs et de d\u00e9veloppement \u00e9conomique, ainsi qu&#8217;une biblioth\u00e8que locale. M. Brinton Lykes, une universitaire et militante am\u00e9ricaine, a travaill\u00e9 en collaboration avec les femmes de l&#8217;ADMI depuis 1992, en se basant sur les techniques p\u00e9dagogiques, les pratiques indig\u00e8nes et les m\u00e9thodes de recherche-action participative (PAR) de Paulo Freire. Les femmes ont d\u00e9cid\u00e9 qu&#8217;elles voulaient incorporer la photographie participative. Inspir\u00e9es par le travail de Photovoice de Caroline Wang avec des femmes chinoises, elles ont cherch\u00e9 \u00e0 utiliser la photographie pour d\u00e9velopper un enregistrement public des vies des femmes ixiles, pour \u00ab raconter l\u2019histoire de la violence \u00bb, pr\u00e9venir de futurs \u00e9pisodes et \u00e9tablir des connexions avec d\u2019autres femmes du Guatemala. Elles ont aussi cherch\u00e9 \u00e0 apprendre de nouvelles comp\u00e9tences pour d\u00e9velopper des ressources \u00e9conomiques et psychosociales pour leurs communaut\u00e9s.<\/p>\n<p>Vingt membres de l&#8217;ADMI se sont port\u00e9es volontaires pour participer \u00e0 ce qui allait \u00eatre un projet de plusieurs ann\u00e9es. Apr\u00e8s une formation initiale \u00e0 la photographie, elles ont entam\u00e9 un processus it\u00e9ratif de prise de photos et de narration individuelle pour d\u00e9velopper un r\u00e9cit communautaire. L&#8217;approche th\u00e9matique a \u00e9t\u00e9 d\u00e9cid\u00e9e chaque mois par les participantes, \u00e0 partir de l&#8217;analyse de leurs photographies pr\u00e9c\u00e9dentes et de leurs exp\u00e9riences v\u00e9cues pendant et apr\u00e8s la guerre. Les th\u00e8mes comprenaient le travail des femmes, les familles, la sant\u00e9 et la maladie, la religion et la culture, les luttes pour la terre, les effets de la guerre, la r\u00e9colte et leur travail avec l&#8217;ADMI.<\/p>\n<p>Les femmes prenaient des photos de la vie quotidienne et voyageaient dans des villages voisins, en enregistrant des histoires de vie et en interviewant fr\u00e9quemment ceux qu&#8217;elles photographiaient. Lors des ateliers d&#8217;analyse, chaque photographe s\u00e9lectionnait entre cinq et sept clich\u00e9s de leurs pellicules et racontait l&#8217;histoire de chaque photo \u00e0 un petit groupe. Lors de la deuxi\u00e8me ronde d&#8217;analyse, les groupes de femmes r\u00e9duisaient la s\u00e9lection \u00e0 deux ou quatre images, qui \u00e9taient ensuite organis\u00e9es par th\u00e8mes. Elles ont d\u00e9velopp\u00e9 des strat\u00e9gies pour regrouper les id\u00e9es, en identifiant les similitudes et les diff\u00e9rences entre les photographies. Elles ont explor\u00e9 les causes imm\u00e9diates et sous-jacentes des probl\u00e8mes repr\u00e9sent\u00e9s et formul\u00e9 des hypoth\u00e8ses sur les s\u00e9quences causales. Ensuite, les analyses ont \u00e9t\u00e9 pr\u00e9sent\u00e9es au groupe plus large et ont fait l&#8217;objet d&#8217;une nouvelle analyse suppl\u00e9mentaire et d&#8217;une exploration des solutions possibles aux probl\u00e8mes identifi\u00e9s, ce qui a aid\u00e9 \u00e0 d\u00e9finir les priorit\u00e9s pour le travail futur.<\/p>\n<p>En 2000, elles ont publi\u00e9 un volume de 120 pages avec des images, des histoires et des interviews organis\u00e9es en chapitres th\u00e9matiques, s\u00e9lectionn\u00e9es parmi des milliers de photos prises au cours de deux ann\u00e9es.<\/p>\n<p>[\/et_pb_text][\/et_pb_column][\/et_pb_row][et_pb_row column_structure=&#8221;1_5,3_5,1_5&#8243; _builder_version=&#8221;4.27.0&#8243; _module_preset=&#8221;default&#8221; background_color=&#8221;#EBEFE6&#8243; custom_margin=&#8221;18px|auto|61px|auto||&#8221; custom_padding=&#8221;91px|||||&#8221; global_colors_info=&#8221;{}&#8221;][et_pb_column type=&#8221;1_5&#8243; _builder_version=&#8221;4.27.0&#8243; _module_preset=&#8221;default&#8221; global_colors_info=&#8221;{}&#8221;][\/et_pb_column][et_pb_column type=&#8221;3_5&#8243; _builder_version=&#8221;4.27.0&#8243; _module_preset=&#8221;default&#8221; global_colors_info=&#8221;{}&#8221;][et_pb_testimonial author=&#8221;Participante de Voices &#038; Images &#8221; font_icon=&#8221;&#xf10e;||fa||900&#8243; use_icon_font_size=&#8221;on&#8221; _builder_version=&#8221;4.27.0&#8243; _module_preset=&#8221;default&#8221; body_font_size=&#8221;31px&#8221; body_line_height=&#8221;1.2em&#8221; author_font_size=&#8221;24px&#8221; author_line_height=&#8221;1.2em&#8221; custom_padding=&#8221;|0px||4px||&#8221; border_width_all=&#8221;0px&#8221; global_colors_info=&#8221;{}&#8221;]<\/p>\n<p style=\"text-align: center;\"><em>\u2018Le projet PhotoVoice (photovoix) est tr\u00e8s important pour nous parce que, comme son nom l&#8217;indique, PhotoVoice est \u00e0 la fois photographie et voix. La voix explique ce qu&#8217;est une photo et ce qu&#8217;elle signifie. C&#8217;est un chemin, un guide qui nous donne une direction dans la recherche de solutions \u00e0 nos besoins en tant que femmes\u2019.<\/em><\/p>\n<p>[\/et_pb_testimonial][\/et_pb_column][et_pb_column type=&#8221;1_5&#8243; _builder_version=&#8221;4.27.0&#8243; _module_preset=&#8221;default&#8221; global_colors_info=&#8221;{}&#8221;][\/et_pb_column][\/et_pb_row][et_pb_row _builder_version=&#8221;4.27.0&#8243; _module_preset=&#8221;default&#8221; custom_padding=&#8221;15px|||||&#8221; global_colors_info=&#8221;{}&#8221;][et_pb_column type=&#8221;4_4&#8243; _builder_version=&#8221;4.27.0&#8243; _module_preset=&#8221;default&#8221; global_colors_info=&#8221;{}&#8221;][et_pb_image src=&#8221;https:\/\/imagingpeace.org\/wp-content\/uploads\/2024\/08\/VI-1-scaled.jpg&#8221; title_text=&#8221;V&#038;I 1&#8243; _builder_version=&#8221;4.27.0&#8243; _module_preset=&#8221;default&#8221; custom_margin=&#8221;||17px|||&#8221; global_colors_info=&#8221;{}&#8221;][\/et_pb_image][et_pb_text _builder_version=&#8221;4.27.0&#8243; _module_preset=&#8221;default&#8221; text_font=&#8221;Actor|&#8211;et_global_body_font_weight|||||||&#8221; text_line_height=&#8221;1.8em&#8221; header_5_font=&#8221;Antic Slab|&#8211;et_global_heading_font_weight|||||||&#8221; header_5_font_size=&#8221;15px&#8221; custom_margin=&#8221;2px||||false|false&#8221; custom_padding=&#8221;0px|0px||58px||&#8221; global_colors_info=&#8221;{}&#8221;]<\/p>\n<h5 style=\"text-align: right;\">Chercheuses mayas ixiles, photographes et auteures de PhotoVoice<strong>.<\/strong><\/h5>\n<h5 style=\"text-align: right;\"><strong>\u00a9 Juana Utuy Itzep\/Voices and images: Mayan Ixil women of Chajul, Guatemala<\/strong><\/h5>\n<p>[\/et_pb_text][\/et_pb_column][\/et_pb_row][et_pb_row _builder_version=&#8221;4.27.4&#8243; _module_preset=&#8221;default&#8221;][et_pb_column _builder_version=&#8221;4.27.4&#8243; _module_preset=&#8221;default&#8221; type=&#8221;4_4&#8243;][et_pb_menu menu_id=&#8221;10&#8243; menu_style=&#8221;centered&#8221; active_link_color=&#8221;#E09900&#8243; _builder_version=&#8221;4.27.0&#8243; _module_preset=&#8221;default&#8221; menu_font=&#8221;|||on|||||&#8221; menu_text_color=&#8221;#000000&#8243; global_colors_info=&#8221;{}&#8221; menu_font_size__hover_enabled=&#8221;off|desktop&#8221; theme_builder_area=&#8221;post_content&#8221;][\/et_pb_menu][\/et_pb_column][\/et_pb_row][\/et_pb_section]<\/p>\n","protected":false},"excerpt":{"rendered":"<p>PROJECTS | ENGLISH\u00a0 |\u00a0 ESPA\u00d1OL\u00a0 |\u00a0 FRAN\u00c7AISVoices and images:\u00a0Mayan Ixil women of Chajul (FR)Pays: Guatemala Participantes: Femmes photographes de l&#8217;Association des Femmes Maya Ixiles (ADMI) et M. Brinton LykesAtelier PhotoVoice\u00a9 Voices and images: Mayan Ixil women of Chajul, GuatemalaPendant la guerre civile guat\u00e9malt\u00e8que (1960-96), les forces gouvernementales ont \u00e9t\u00e9 condamn\u00e9es pour des abus g\u00e9n\u00e9ralis\u00e9s des [&hellip;]<\/p>\n","protected":false},"author":1,"featured_media":0,"parent":0,"menu_order":0,"comment_status":"closed","ping_status":"closed","template":"","meta":{"_et_pb_use_builder":"on","_et_pb_old_content":"<!-- wp:divi\/placeholder \/-->","_et_gb_content_width":"","footnotes":""},"class_list":["post-1277","page","type-page","status-publish","hentry"],"acf":[],"_links":{"self":[{"href":"https:\/\/imagingpeace.org\/index.php\/wp-json\/wp\/v2\/pages\/1277","targetHints":{"allow":["GET"]}}],"collection":[{"href":"https:\/\/imagingpeace.org\/index.php\/wp-json\/wp\/v2\/pages"}],"about":[{"href":"https:\/\/imagingpeace.org\/index.php\/wp-json\/wp\/v2\/types\/page"}],"author":[{"embeddable":true,"href":"https:\/\/imagingpeace.org\/index.php\/wp-json\/wp\/v2\/users\/1"}],"replies":[{"embeddable":true,"href":"https:\/\/imagingpeace.org\/index.php\/wp-json\/wp\/v2\/comments?post=1277"}],"version-history":[{"count":6,"href":"https:\/\/imagingpeace.org\/index.php\/wp-json\/wp\/v2\/pages\/1277\/revisions"}],"predecessor-version":[{"id":1866,"href":"https:\/\/imagingpeace.org\/index.php\/wp-json\/wp\/v2\/pages\/1277\/revisions\/1866"}],"wp:attachment":[{"href":"https:\/\/imagingpeace.org\/index.php\/wp-json\/wp\/v2\/media?parent=1277"}],"curies":[{"name":"wp","href":"https:\/\/api.w.org\/{rel}","templated":true}]}}