{"id":1271,"date":"2024-12-17T12:13:33","date_gmt":"2024-12-17T12:13:33","guid":{"rendered":"https:\/\/imagingpeace.org\/?page_id=1271"},"modified":"2025-01-16T22:41:50","modified_gmt":"2025-01-16T22:41:50","slug":"home-stay-exhibitions-fr","status":"publish","type":"page","link":"https:\/\/imagingpeace.org\/index.php\/home-stay-exhibitions-fr\/","title":{"rendered":"Home Stay Exhibitions FR"},"content":{"rendered":"<p>[et_pb_section fb_built=&#8221;1&#8243; _builder_version=&#8221;4.27.0&#8243; _module_preset=&#8221;default&#8221; global_colors_info=&#8221;{}&#8221;][et_pb_row _builder_version=&#8221;4.27.4&#8243; _module_preset=&#8221;default&#8221; custom_padding=&#8221;18px||0px|||&#8221; locked=&#8221;off&#8221; global_colors_info=&#8221;{}&#8221;][et_pb_column type=&#8221;4_4&#8243; _builder_version=&#8221;4.27.4&#8243; _module_preset=&#8221;default&#8221; global_colors_info=&#8221;{}&#8221;][et_pb_text _builder_version=&#8221;4.27.4&#8243; _module_preset=&#8221;default&#8221; global_colors_info=&#8221;{}&#8221;]<\/p>\n<p><a href=\"https:\/\/imagingpeace.org\/index.php\/peace-photography-projects\/\">PROJECTS<\/a> | <a href=\"https:\/\/imagingpeace.org\/index.php\/home-stay-exhibitions\/\">ENGLISH<\/a>\u00a0 |\u00a0<a href=\"https:\/\/imagingpeace.org\/index.php\/home-stay-exhibitions-es\/\"> ESPA\u00d1OL<\/a>\u00a0 |\u00a0\u00a0<a href=\"https:\/\/imagingpeace.org\/index.php\/home-stay-exhibitions-fr\/\">FRAN\u00c7AIS<\/a><\/p>\n<p>[\/et_pb_text][\/et_pb_column][\/et_pb_row][et_pb_row _builder_version=&#8221;4.27.0&#8243; _module_preset=&#8221;default&#8221; global_colors_info=&#8221;{}&#8221;][et_pb_column type=&#8221;4_4&#8243; _builder_version=&#8221;4.27.0&#8243; _module_preset=&#8221;default&#8221; global_colors_info=&#8221;{}&#8221;][et_pb_text admin_label=&#8221;Title&#8221; _builder_version=&#8221;4.27.0&#8243; _module_preset=&#8221;default&#8221; header_font_size=&#8221;54px&#8221; custom_margin=&#8221;||8px||false|false&#8221; global_colors_info=&#8221;{}&#8221;]<\/p>\n<h1 style=\"text-align: left;\"><strong>The Home Stay Exhibitions (FR)<\/strong><\/h1>\n<p>[\/et_pb_text][et_pb_text admin_label=&#8221;Title&#8221; _builder_version=&#8221;4.27.4&#8243; _module_preset=&#8221;default&#8221; header_3_font_size=&#8221;24px&#8221; header_3_line_height=&#8221;0.8em&#8221; global_colors_info=&#8221;{}&#8221;]<\/p>\n<h3>Pays:<strong> Rwanda<\/strong><\/h3>\n<h3>Participants: <strong><\/strong><strong>Jeunes du district de Nyabihu<\/strong><\/h3>\n<h3><a href=\"https:\/\/www.kigaliphotocenter.org\/\" target=\"_blank\" rel=\"noopener\">Site internet<\/a><\/h3>\n<p>[\/et_pb_text][\/et_pb_column][\/et_pb_row][et_pb_row _builder_version=&#8221;4.27.0&#8243; _module_preset=&#8221;default&#8221; width=&#8221;100%&#8221; max_width=&#8221;1700px&#8221; custom_padding=&#8221;2px||1px|||&#8221; global_colors_info=&#8221;{}&#8221;][et_pb_column type=&#8221;4_4&#8243; _builder_version=&#8221;4.27.0&#8243; _module_preset=&#8221;default&#8221; global_colors_info=&#8221;{}&#8221;][et_pb_slider _builder_version=&#8221;4.27.0&#8243; _module_preset=&#8221;default&#8221; custom_margin=&#8221;||18px|||&#8221; custom_padding=&#8221;||579px|||&#8221; global_colors_info=&#8221;{}&#8221;][et_pb_slide _builder_version=&#8221;4.27.0&#8243; _module_preset=&#8221;default&#8221; background_color=&#8221;#969696&#8243; background_enable_color=&#8221;on&#8221; background_image=&#8221;https:\/\/imagingpeace.org\/wp-content\/uploads\/2024\/08\/Rwa-1.jpg&#8221; background_enable_image=&#8221;on&#8221; width=&#8221;100%&#8221; width_tablet=&#8221;100%&#8221; width_phone=&#8221;0%&#8221; width_last_edited=&#8221;on|phone&#8221; max_width_tablet=&#8221;&#8221; max_width_phone=&#8221;100%&#8221; max_width_last_edited=&#8221;on|phone&#8221; global_colors_info=&#8221;{}&#8221; sticky_transition=&#8221;on&#8221;][\/et_pb_slide][\/et_pb_slider][\/et_pb_column][\/et_pb_row][et_pb_row _builder_version=&#8221;4.27.0&#8243; _module_preset=&#8221;default&#8221; custom_margin=&#8221;-3px|auto||auto||&#8221; custom_padding=&#8221;1px||5px|||&#8221; global_colors_info=&#8221;{}&#8221;][et_pb_column type=&#8221;4_4&#8243; _builder_version=&#8221;4.27.0&#8243; _module_preset=&#8221;default&#8221; global_colors_info=&#8221;{}&#8221;][et_pb_text _builder_version=&#8221;4.27.4&#8243; _module_preset=&#8221;default&#8221; text_font=&#8221;Actor|&#8211;et_global_body_font_weight|||||||&#8221; text_line_height=&#8221;1.8em&#8221; header_5_font=&#8221;Antic Slab|&#8211;et_global_heading_font_weight|||||||&#8221; header_5_font_size=&#8221;15px&#8221; custom_margin=&#8221;2px||||false|false&#8221; custom_padding=&#8221;2px|0px||58px||&#8221; global_colors_info=&#8221;{}&#8221;]<\/p>\n<h5 class=\"p1\" style=\"text-align: right;\">Une exposition de <em>Home Stay Exhibition,<\/em> Nyabihu, 2018<strong>. <\/strong><strong>\u00a9 Kigali Centre for Photography <\/strong><\/h5>\n<p>[\/et_pb_text][\/et_pb_column][\/et_pb_row][et_pb_row column_structure=&#8221;1_2,1_2&#8243; _builder_version=&#8221;4.27.0&#8243; _module_preset=&#8221;default&#8221; custom_padding=&#8221;24px||6px|||&#8221; global_colors_info=&#8221;{}&#8221;][et_pb_column type=&#8221;1_2&#8243; _builder_version=&#8221;4.27.0&#8243; _module_preset=&#8221;default&#8221; global_colors_info=&#8221;{}&#8221;][et_pb_text _builder_version=&#8221;4.27.0&#8243; _module_preset=&#8221;default&#8221; text_font=&#8221;&#8211;et_global_body_font|300|||||||&#8221; text_font_size=&#8221;22px&#8221; text_line_height=&#8221;1.2em&#8221; width=&#8221;100%&#8221; custom_padding=&#8221;|0px||||&#8221; global_colors_info=&#8221;{}&#8221;]<\/p>\n<p>Dirig\u00e9 par<strong> <a href=\"https:\/\/www.instagram.com\/jack_yakubu1\/?hl=en\" target=\"_blank\" rel=\"noopener\">Jacques Nkinzingabo<\/a><\/strong>, photographe rwandais, producteur musical et directeur du <strong><a href=\"https:\/\/www.kigaliphotocenter.org\/\" target=\"_blank\" rel=\"noopener\">Kigali Centre for Photography (KCP)<\/a><\/strong>, le projet <em>The Home Stay Exhibitions<\/em> est n\u00e9 du travail de sensibilisation communautaire et de mentorat photographique du KCP aupr\u00e8s des jeunes rwandais. En 2018, Nkinzingabo et ses coll\u00e8gues du KCP ont anim\u00e9 des ateliers de photographie et de narration visuelle pour 35 jeunes du district de Nyabihu. Les participants ont cr\u00e9\u00e9 des histoires photographiques sur des sujets de leur choix ; des histoires qu\u2019ils jugeaient importantes pour leur pays et leur communaut\u00e9. Ils ont organis\u00e9 une exposition dans le centre communautaire local, mais ont d\u00e9cid\u00e9 d\u2019aller plus loin en installant \u00e9galement des expositions dans leurs maisons. Ainsi est n\u00e9e l\u2019id\u00e9e de <em>The Home Stay Exhibitions<\/em>.<\/p>\n<p>Depuis le g\u00e9nocide de 1994, le Rwanda a accompli d&#8217;importants progr\u00e8s pour reconstruire et promouvoir la paix, la r\u00e9conciliation et la stabilit\u00e9 durable. Cependant, les effets du g\u00e9nocide se font encore sentir dans les communaut\u00e9s, car les victimes, les survivants, les rapatri\u00e9s et les auteurs du g\u00e9nocide ont d\u00fb apprendre \u00e0 vivre \u00e0 nouveau ensemble. Un changement depuis le g\u00e9nocide est que de nombreuses familles ont ferm\u00e9 les portes de leurs maisons aux voisins et amis. <em>The Home Stay Exhibitions<\/em> cherche \u00e0 rouvrir les portes et \u00e0 reconstruire la confiance et le dialogue en utilisant la photographie pour initier des conversations sur les pr\u00e9occupations de la communaut\u00e9. Au Rwanda, on consid\u00e8re que la gu\u00e9rison se produit \u00e0 travers la reconnexion sociale dans la vie quotidienne. <em>The Home Stay Exhibitions<\/em> cherche \u00e0 abattre les murs qui se sont form\u00e9s autour du foyer et \u00e0 rendre possibles de nouveaux types de conversations communautaires.<\/p>\n<p>[\/et_pb_text][\/et_pb_column][et_pb_column type=&#8221;1_2&#8243; _builder_version=&#8221;4.27.0&#8243; _module_preset=&#8221;default&#8221; global_colors_info=&#8221;{}&#8221;][et_pb_image src=&#8221;https:\/\/imagingpeace.org\/wp-content\/uploads\/2024\/08\/Rwa-3.jpg&#8221; title_text=&#8221;Rwa-3&#8243; align=&#8221;right&#8221; _builder_version=&#8221;4.27.0&#8243; _module_preset=&#8221;default&#8221; width=&#8221;101%&#8221; global_colors_info=&#8221;{}&#8221;][\/et_pb_image][\/et_pb_column][\/et_pb_row][et_pb_row _builder_version=&#8221;4.27.0&#8243; _module_preset=&#8221;default&#8221; custom_padding=&#8221;1px|||||&#8221; global_colors_info=&#8221;{}&#8221;][et_pb_column type=&#8221;4_4&#8243; _builder_version=&#8221;4.27.0&#8243; _module_preset=&#8221;default&#8221; global_colors_info=&#8221;{}&#8221;][et_pb_text _builder_version=&#8221;4.27.0&#8243; _module_preset=&#8221;default&#8221; text_font=&#8221;Actor|&#8211;et_global_body_font_weight|||||||&#8221; text_line_height=&#8221;1.8em&#8221; header_5_font=&#8221;Antic Slab|&#8211;et_global_heading_font_weight|||||||&#8221; header_5_font_size=&#8221;15px&#8221; custom_margin=&#8221;2px||||false|false&#8221; custom_padding=&#8221;|0px||58px||&#8221; global_colors_info=&#8221;{}&#8221;]<\/p>\n<h5 style=\"text-align: right;\"><strong>Jaxia Abizerimana.<\/strong><br \/>\u201cLorsque tu accouches sans \u00eatre mari\u00e9e, notre soci\u00e9t\u00e9 pense que tu es une prostitu\u00e9e, tu perds beaucoup d\u2019amis\u2026 Il y a beaucoup de perceptions \u00e0 ton sujet. La plupart te per\u00e7oivent comme une personne inutile, mais, \u00e0 travers mon r\u00e9cit, les gens conna\u00eetront les v\u00e9ritables circonstances. Peut-\u00eatre que l\u2019histoire donnera de l\u2019espoir, conseillera, motivera ou laissera une le\u00e7on \u00e0 quelqu&#8217;un.\u201d.<br \/><strong>\u00a9 Richard Ingabire de &#8216;La grossesse n\u2019est pas un choix&#8217;<\/strong><\/h5>\n<p>[\/et_pb_text][\/et_pb_column][\/et_pb_row][et_pb_row column_structure=&#8221;1_2,1_2&#8243; _builder_version=&#8221;4.27.0&#8243; _module_preset=&#8221;default&#8221; global_colors_info=&#8221;{}&#8221;][et_pb_column type=&#8221;1_2&#8243; _builder_version=&#8221;4.27.0&#8243; _module_preset=&#8221;default&#8221; global_colors_info=&#8221;{}&#8221;][et_pb_image src=&#8221;https:\/\/imagingpeace.org\/wp-content\/uploads\/2024\/08\/Rwa-2-e1723716657496-741&#215;1024.jpg&#8221; title_text=&#8221;Rwa-2&#8243; _builder_version=&#8221;4.27.0&#8243; _module_preset=&#8221;default&#8221; global_colors_info=&#8221;{}&#8221;][\/et_pb_image][\/et_pb_column][et_pb_column type=&#8221;1_2&#8243; _builder_version=&#8221;4.27.0&#8243; _module_preset=&#8221;default&#8221; global_colors_info=&#8221;{}&#8221;][et_pb_text _builder_version=&#8221;4.27.4&#8243; _module_preset=&#8221;default&#8221; text_font=&#8221;&#8211;et_global_body_font|300|||||||&#8221; text_font_size=&#8221;22px&#8221; text_line_height=&#8221;1.2em&#8221; custom_padding=&#8221;||0px|||&#8221; global_colors_info=&#8221;{}&#8221;]<\/p>\n<p>Lors des derni\u00e8res expositions, quatre jeunes photographes, encadr\u00e9s par des photographes du KCP, ont expos\u00e9 leurs reportages photographiques sur des sujets tels que les m\u00e8res adolescentes, la culture de la pomme de terre, la p\u00eache et ce que signifie \u00eatre un homme rwandais. Des voisins, des amis et des leaders communautaires ont \u00e9t\u00e9 invit\u00e9s dans les maisons des h\u00f4tes et les photographies ont \u00e9t\u00e9 utilis\u00e9es pour cr\u00e9er des conversations sur les sujets repr\u00e9sent\u00e9s. Le public de l\u2019exposition a \u00e9t\u00e9 invit\u00e9 \u00e0 poser des questions, les photographes ainsi que les personnes sur leurs photos ont pr\u00e9sent\u00e9 les images et les histoires qui les accompagnaient avant qu&#8217;un dialogue ouvert ne commence sur les questions soulev\u00e9es.<\/p>\n<p>L\u2019\u00e9tude d\u2019\u00e9valuation a r\u00e9v\u00e9l\u00e9 que les images ont favoris\u00e9 des conversations sur des sujets d\u00e9licats et difficiles qui allaient au-del\u00e0 du contenu de la photographie elle-m\u00eame. <em>The Home Stay Exhibitions<\/em> a cr\u00e9\u00e9 un espace pour diff\u00e9rents types de conversations horizontales et inclusives. Les r\u00e9unions communautaires sont g\u00e9n\u00e9ralement structur\u00e9es selon des protocoles \u00e9tablis et seuls les leaders communautaires ou les personnes d\u00e9sign\u00e9es prennent la parole. <em>The Home Stay Exhibitions<\/em> a cr\u00e9\u00e9 une alternative \u00e0 la fa\u00e7on habituelle de faire les choses. Cela a servi \u00e0 ouvrir de nouvelles perspectives et \u00e0 encourager la gu\u00e9rison sociale.<\/p>\n<p>[\/et_pb_text][\/et_pb_column][\/et_pb_row][et_pb_row _builder_version=&#8221;4.27.0&#8243; _module_preset=&#8221;default&#8221; custom_padding=&#8221;4px|||||&#8221; global_colors_info=&#8221;{}&#8221;][et_pb_column type=&#8221;4_4&#8243; _builder_version=&#8221;4.27.0&#8243; _module_preset=&#8221;default&#8221; global_colors_info=&#8221;{}&#8221;][et_pb_text _builder_version=&#8221;4.27.0&#8243; _module_preset=&#8221;default&#8221; text_font=&#8221;Actor|&#8211;et_global_body_font_weight|||||||&#8221; text_line_height=&#8221;1.8em&#8221; header_5_font=&#8221;Antic Slab|&#8211;et_global_heading_font_weight|||||||&#8221; header_5_font_size=&#8221;15px&#8221; custom_margin=&#8221;2px||||false|false&#8221; custom_padding=&#8221;|1px||||&#8221; global_colors_info=&#8221;{}&#8221;]<\/p>\n<h5 class=\"p1\" style=\"text-align: left;\"><strong>Julienne Dushimimana<\/strong><br \/>\u2018Je n&#8217;ai pas eu honte de partager mes histoires avec lui (Richard) comme mon voisin, et j&#8217;ai senti qu&#8217;il \u00e9tait n\u00e9cessaire de lui parler, car personne d&#8217;autre ne me parlait. Il m&#8217;a donn\u00e9 l&#8217;espoir de me sentir humaine et m\u2019a inspir\u00e9e en me montrant que je peux encore y arriver et r\u00e9aliser mes visions\u2026 Les images ont contribu\u00e9 \u00e0 ce que nous nous r\u00e9unissions pour d\u00e9battre des choses, au lieu de ce qui se fait habituellement ici, o\u00f9 les gens s&#8217;assoient avec leurs propres perceptions sans les d\u00e9battre&#8217;.<\/h5>\n<h5 style=\"text-align: left;\"><strong>\u00a0\u00a9 Richard Ingabire de \u2018&#8217;La grossesse n\u2019est pas un choix\u2019<\/strong><\/h5>\n<p>[\/et_pb_text][\/et_pb_column][\/et_pb_row][et_pb_row column_structure=&#8221;1_5,3_5,1_5&#8243; _builder_version=&#8221;4.27.0&#8243; _module_preset=&#8221;default&#8221; background_color=&#8221;#EBEFE6&#8243; custom_margin=&#8221;46px|auto|61px|auto||&#8221; custom_padding=&#8221;91px|||||&#8221; global_colors_info=&#8221;{}&#8221;][et_pb_column type=&#8221;1_5&#8243; _builder_version=&#8221;4.27.0&#8243; _module_preset=&#8221;default&#8221; global_colors_info=&#8221;{}&#8221;][\/et_pb_column][et_pb_column type=&#8221;3_5&#8243; _builder_version=&#8221;4.27.0&#8243; _module_preset=&#8221;default&#8221; global_colors_info=&#8221;{}&#8221;][et_pb_testimonial author=&#8221;Jacques Nkinzingabo&#8221; job_title=&#8221;Directeur&#8221; company_name=&#8221;Kigali Centre for Photography&#8221; font_icon=&#8221;&#xf10e;||fa||900&#8243; use_icon_font_size=&#8221;on&#8221; _builder_version=&#8221;4.27.0&#8243; _module_preset=&#8221;default&#8221; body_font_size=&#8221;31px&#8221; body_line_height=&#8221;1.2em&#8221; author_font_size=&#8221;24px&#8221; author_line_height=&#8221;1.2em&#8221; custom_padding=&#8221;|0px||4px||&#8221; border_width_all=&#8221;0px&#8221; global_colors_info=&#8221;{}&#8221;]<\/p>\n<p style=\"text-align: center;\">\u2018<em>En raison de notre histoire complexe, ce n\u2019est plus dans notre culture d\u2019amener les gens chez soi\u2026 La photographie est la premi\u00e8re cl\u00e9 pour amener les gens dans les foyers des autres\u2026 Elle attire des personnes qui \u00e9taient tr\u00e8s s\u00e9par\u00e9es dans un m\u00eame espace&#8217;<\/em><em>.<\/em><\/p>\n<p>[\/et_pb_testimonial][\/et_pb_column][et_pb_column type=&#8221;1_5&#8243; _builder_version=&#8221;4.27.0&#8243; _module_preset=&#8221;default&#8221; global_colors_info=&#8221;{}&#8221;][\/et_pb_column][\/et_pb_row][et_pb_row _builder_version=&#8221;4.27.0&#8243; _module_preset=&#8221;default&#8221; width=&#8221;94%&#8221; max_width=&#8221;1476px&#8221; custom_padding=&#8221;5px|||||&#8221; global_colors_info=&#8221;{}&#8221;][et_pb_column type=&#8221;4_4&#8243; _builder_version=&#8221;4.27.0&#8243; _module_preset=&#8221;default&#8221; global_colors_info=&#8221;{}&#8221;][et_pb_image src=&#8221;https:\/\/imagingpeace.org\/wp-content\/uploads\/2024\/08\/Rwa-4-1024&#215;680.jpg&#8221; title_text=&#8221;Rwa-4&#8243; align=&#8221;center&#8221; _builder_version=&#8221;4.27.0&#8243; _module_preset=&#8221;default&#8221; global_colors_info=&#8221;{}&#8221;][\/et_pb_image][\/et_pb_column][\/et_pb_row][et_pb_row _builder_version=&#8221;4.27.0&#8243; _module_preset=&#8221;default&#8221; custom_padding=&#8221;0px||5px|||&#8221; global_colors_info=&#8221;{}&#8221;][et_pb_column type=&#8221;4_4&#8243; _builder_version=&#8221;4.27.0&#8243; _module_preset=&#8221;default&#8221; global_colors_info=&#8221;{}&#8221;][et_pb_text _builder_version=&#8221;4.27.0&#8243; _module_preset=&#8221;default&#8221; text_font=&#8221;Actor|&#8211;et_global_body_font_weight|||||||&#8221; text_line_height=&#8221;1.8em&#8221; header_5_font=&#8221;Antic Slab|&#8211;et_global_heading_font_weight|||||||&#8221; header_5_font_size=&#8221;15px&#8221; custom_margin=&#8221;2px||||false|false&#8221; custom_padding=&#8221;|26px||58px||&#8221; global_colors_info=&#8221;{}&#8221;]<\/p>\n<h5 style=\"text-align: right;\"><strong>Angelique Dusabimana<\/strong><br \/>\u201c<em>Quand je suis tomb\u00e9e enceinte\u2026, j&#8217;ai quitt\u00e9 l&#8217;\u00e9cole et\u2026, donc maintenant pour trouver \u00e0 manger, j&#8217;ai commenc\u00e9 un petit commerce. J&#8217;essaie d&#8217;apprendre \u00e0 \u00eatre couturi\u00e8re. Mais en r\u00e9alit\u00e9, mon avenir n\u2019est pas brillant et ma famille a perdu espoir en moi. J&#8217;avais le r\u00eave de terminer mes \u00e9tudes et d&#8217;\u00eatre une personne importante dans la soci\u00e9t\u00e9, mais j&#8217;ai \u00e9chou\u00e9. Maintenant, je m&#8217;occupe de mon enfant et je r\u00e9fl\u00e9chis \u00e0 la mani\u00e8re dont nous pouvons survivre dans notre vie quotidienne. Bien que je fasse face \u00e0 des d\u00e9fis, je ne m\u2019arr\u00eaterai pas<\/em>.\u201d<br \/><strong>\u00a9 Richard Ingabire de \u2018&#8217;La grossesse n\u2019est pas un choix&#8217;\u2019<\/strong><\/h5>\n<p>[\/et_pb_text][\/et_pb_column][\/et_pb_row][et_pb_row _builder_version=&#8221;4.27.4&#8243; _module_preset=&#8221;default&#8221;][et_pb_column _builder_version=&#8221;4.27.4&#8243; _module_preset=&#8221;default&#8221; type=&#8221;4_4&#8243;][et_pb_menu menu_id=&#8221;10&#8243; menu_style=&#8221;centered&#8221; active_link_color=&#8221;#E09900&#8243; _builder_version=&#8221;4.27.0&#8243; _module_preset=&#8221;default&#8221; menu_font=&#8221;|||on|||||&#8221; menu_text_color=&#8221;#000000&#8243; global_colors_info=&#8221;{}&#8221; menu_font_size__hover_enabled=&#8221;off|desktop&#8221; theme_builder_area=&#8221;post_content&#8221;][\/et_pb_menu][\/et_pb_column][\/et_pb_row][\/et_pb_section]<\/p>\n","protected":false},"excerpt":{"rendered":"<p>PROJECTS | ENGLISH\u00a0 |\u00a0 ESPA\u00d1OL\u00a0 |\u00a0\u00a0FRAN\u00c7AISThe Home Stay Exhibitions (FR)Pays: Rwanda Participants: Jeunes du district de Nyabihu Site internetUne exposition de Home Stay Exhibition, Nyabihu, 2018. \u00a9 Kigali Centre for Photography Dirig\u00e9 par Jacques Nkinzingabo, photographe rwandais, producteur musical et directeur du Kigali Centre for Photography (KCP), le projet The Home Stay Exhibitions est n\u00e9 [&hellip;]<\/p>\n","protected":false},"author":1,"featured_media":0,"parent":0,"menu_order":0,"comment_status":"closed","ping_status":"closed","template":"","meta":{"_et_pb_use_builder":"on","_et_pb_old_content":"<!-- wp:divi\/placeholder \/-->","_et_gb_content_width":"","footnotes":""},"class_list":["post-1271","page","type-page","status-publish","hentry"],"acf":[],"_links":{"self":[{"href":"https:\/\/imagingpeace.org\/index.php\/wp-json\/wp\/v2\/pages\/1271","targetHints":{"allow":["GET"]}}],"collection":[{"href":"https:\/\/imagingpeace.org\/index.php\/wp-json\/wp\/v2\/pages"}],"about":[{"href":"https:\/\/imagingpeace.org\/index.php\/wp-json\/wp\/v2\/types\/page"}],"author":[{"embeddable":true,"href":"https:\/\/imagingpeace.org\/index.php\/wp-json\/wp\/v2\/users\/1"}],"replies":[{"embeddable":true,"href":"https:\/\/imagingpeace.org\/index.php\/wp-json\/wp\/v2\/comments?post=1271"}],"version-history":[{"count":7,"href":"https:\/\/imagingpeace.org\/index.php\/wp-json\/wp\/v2\/pages\/1271\/revisions"}],"predecessor-version":[{"id":1697,"href":"https:\/\/imagingpeace.org\/index.php\/wp-json\/wp\/v2\/pages\/1271\/revisions\/1697"}],"wp:attachment":[{"href":"https:\/\/imagingpeace.org\/index.php\/wp-json\/wp\/v2\/media?parent=1271"}],"curies":[{"name":"wp","href":"https:\/\/api.w.org\/{rel}","templated":true}]}}